{"id":76,"date":"2015-02-17T10:29:32","date_gmt":"2015-02-17T09:29:32","guid":{"rendered":"https:\/\/sites-formations.univ-rennes2.fr\/psychologie-master-ergonomie\/?page_id=76"},"modified":"2023-01-11T18:08:54","modified_gmt":"2023-01-11T17:08:54","slug":"acces","status":"publish","type":"page","link":"https:\/\/sites-formations.univ-rennes2.fr\/psychologie-master-ergonomie\/acces\/","title":{"rendered":"Acc\u00e8s"},"content":{"rendered":"<p><iframe loading=\"lazy\" src=\"http:\/\/maps.google.fr\/maps?f=q&amp;source=s_q&amp;hl=fr&amp;geocode=&amp;q=universit%C3%A9+rennes+2+&amp;sll=46.75984,1.738281&amp;sspn=8.702221,19.753418&amp;ie=UTF8&amp;hq=&amp;hnear=Universit%C3%A9+Rennes+2+Haute+Bretagne&amp;z=15&amp;ll=48.120556,-1.703611&amp;output=embed\" width=\"425\" height=\"350\" frameborder=\"0\" marginwidth=\"0\" marginheight=\"0\" scrolling=\"no\"><\/iframe><br \/>\n<small><a style=\"color: #0000ff; text-align: left;\" href=\"http:\/\/maps.google.fr\/maps?f=q&amp;source=embed&amp;hl=fr&amp;geocode=&amp;q=universit%C3%A9+rennes+2+&amp;sll=46.75984,1.738281&amp;sspn=8.702221,19.753418&amp;ie=UTF8&amp;hq=&amp;hnear=Universit%C3%A9+Rennes+2+Haute+Bretagne&amp;z=15&amp;ll=48.120556,-1.703611\" target=\"_blank\" rel=\"noopener\">Agrandir le plan<\/a><\/small><\/p>\n<p><strong>En voiture<\/strong><br \/>\nAcc\u00e8s par rocade nord : sortie Beauregard-Villejean<br \/>\nAcc\u00e8s par rocade ouest : sortie Vezin-Villejean ou Beauregard<\/p>\n<p><strong>En m\u00e9tro<\/strong><br \/>\nDirection Kennedy<br \/>\nArr\u00eat Villejean Universit\u00e9<\/p>\n<p><strong>En bus<\/strong><br \/>\nBus 16 direction Villejean-Beauregard arr\u00eat Villejean Universit\u00e9<br \/>\nBus 30 direction Stade Rennais arr\u00eat Villejean Universit\u00e9<\/p>\n<p><strong>Carte du campus :<\/strong><br \/>\n&#8212;&gt; Acc\u00e9der \u00e0 la <a href=\"https:\/\/sites-formations.univ-rennes2.fr\/psychologie-master-ergonomie\/wp-content\/uploads\/2015\/02\/Plan_Villejean_Bat_S_I.pdf\" target=\"_blank\" rel=\"noopener\">carte du campus<\/a><\/p>\n<p>&nbsp;<\/p>\n<p><strong>Acc\u00e8s \u00e0 la salle d&rsquo;Ergonomie (salle I11, b\u00e2timent I):<\/strong><\/p>\n<p>Face \u00e0 la Pr\u00e9sidence, vous partez sur votre gauche jusqu&rsquo;\u00e0 la biblioth\u00e8que.<br \/>\n<a href=\"https:\/\/sites-formations.univ-rennes2.fr\/psychologie-master-ergonomie\/wp-content\/uploads\/2015\/02\/tn_P1010062.jpg\" target=\"_blank\" rel=\"noopener\"><img decoding=\"async\" src=\"https:\/\/sites-formations.univ-rennes2.fr\/psychologie-master-ergonomie\/wp-content\/uploads\/2015\/02\/tn_P1010062.jpg\" alt=\"\" height=\"300\" \/><\/a><\/p>\n<p>Face \u00e0 la biblioth\u00e8que, vous descendez le petit escalier sur votre droite.<br \/>\n<a href=\"https:\/\/sites-formations.univ-rennes2.fr\/psychologie-master-ergonomie\/wp-content\/uploads\/2015\/02\/tn_P1010061.jpg\" target=\"_blank\" rel=\"noopener\"><br \/>\n<img decoding=\"async\" src=\"https:\/\/sites-formations.univ-rennes2.fr\/psychologie-master-ergonomie\/wp-content\/uploads\/2015\/02\/tn_P1010061.jpg\" alt=\"\" height=\"300\" \/><\/a><\/p>\n<p><a href=\"https:\/\/sites-formations.univ-rennes2.fr\/psychologie-master-ergonomie\/wp-content\/uploads\/2015\/02\/tn_P1010060.jpg\" target=\"_blank\" rel=\"noopener\"><img decoding=\"async\" src=\"https:\/\/sites-formations.univ-rennes2.fr\/psychologie-master-ergonomie\/wp-content\/uploads\/2015\/02\/tn_P1010060.jpg\" alt=\"\" height=\"300\" \/><\/a><\/p>\n<p>En bas de l&rsquo;escalier, vous partez sur votre gauche et traversez un parking.<br \/>\n<a href=\"https:\/\/sites-formations.univ-rennes2.fr\/psychologie-master-ergonomie\/wp-content\/uploads\/2015\/02\/tn_P1010059.jpg\" target=\"_blank\" rel=\"noopener\"><br \/>\n<img decoding=\"async\" src=\"https:\/\/sites-formations.univ-rennes2.fr\/psychologie-master-ergonomie\/wp-content\/uploads\/2015\/02\/tn_P1010059.jpg\" alt=\"\" height=\"300\" \/><\/a><\/p>\n<p>Apr\u00e8s le parking, le b\u00e2timent vert de la facult\u00e9 de dentaire est face \u00e0 vous.<br \/>\n<a href=\"https:\/\/sites-formations.univ-rennes2.fr\/psychologie-master-ergonomie\/wp-content\/uploads\/2015\/02\/dentaire.jpg\" target=\"_blank\" rel=\"noopener\"><br \/>\n<img decoding=\"async\" src=\"https:\/\/sites-formations.univ-rennes2.fr\/psychologie-master-ergonomie\/wp-content\/uploads\/2015\/02\/dentaire.jpg\" alt=\"\" height=\"300\" \/><\/a><\/p>\n<p>Le b\u00e2timent I est imm\u00e9diatement sur votre droite.<br \/>\n<a href=\"https:\/\/sites-formations.univ-rennes2.fr\/psychologie-master-ergonomie\/wp-content\/uploads\/2015\/02\/tn_P1010057.jpg\" target=\"_blank\" rel=\"noopener\"><img decoding=\"async\" src=\"https:\/\/sites-formations.univ-rennes2.fr\/psychologie-master-ergonomie\/wp-content\/uploads\/2015\/02\/tn_P1010057.jpg\" alt=\"\" height=\"300\" \/><\/a><\/p>\n<p>La salle d&rsquo;ergonomie I11 est au rez-de chauss\u00e9e.<br \/>\n<a href=\"https:\/\/sites-formations.univ-rennes2.fr\/psychologie-master-ergonomie\/wp-content\/uploads\/2015\/02\/tn_P1010056.jpg\" target=\"_blank\" rel=\"noopener\"><br \/>\n<img decoding=\"async\" src=\"https:\/\/sites-formations.univ-rennes2.fr\/psychologie-master-ergonomie\/wp-content\/uploads\/2015\/02\/tn_P1010056.jpg\" alt=\"\" height=\"300\" \/><\/a><\/p>\n","protected":false},"excerpt":{"rendered":"<p>Agrandir le plan En voiture Acc\u00e8s par rocade nord : sortie Beauregard-Villejean Acc\u00e8s par rocade ouest : sortie Vezin-Villejean ou Beauregard En m\u00e9tro Direction Kennedy Arr\u00eat Villejean Universit\u00e9 En bus Bus 16 direction Villejean-Beauregard arr\u00eat Villejean Universit\u00e9 Bus 30 direction Stade Rennais arr\u00eat Villejean Universit\u00e9 Carte du campus : &#8212;&gt; Acc\u00e9der \u00e0 la carte du\u2026 <span class=\"read-more\"><a href=\"https:\/\/sites-formations.univ-rennes2.fr\/psychologie-master-ergonomie\/acces\/\">Lire la suite &raquo;<\/a><\/span><\/p>\n","protected":false},"author":2,"featured_media":0,"parent":0,"menu_order":24,"comment_status":"closed","ping_status":"closed","template":"page-templates\/full-width.php","meta":{"footnotes":""},"class_list":["post-76","page","type-page","status-publish","hentry"],"_links":{"self":[{"href":"https:\/\/sites-formations.univ-rennes2.fr\/psychologie-master-ergonomie\/wp-json\/wp\/v2\/pages\/76","targetHints":{"allow":["GET"]}}],"collection":[{"href":"https:\/\/sites-formations.univ-rennes2.fr\/psychologie-master-ergonomie\/wp-json\/wp\/v2\/pages"}],"about":[{"href":"https:\/\/sites-formations.univ-rennes2.fr\/psychologie-master-ergonomie\/wp-json\/wp\/v2\/types\/page"}],"author":[{"embeddable":true,"href":"https:\/\/sites-formations.univ-rennes2.fr\/psychologie-master-ergonomie\/wp-json\/wp\/v2\/users\/2"}],"replies":[{"embeddable":true,"href":"https:\/\/sites-formations.univ-rennes2.fr\/psychologie-master-ergonomie\/wp-json\/wp\/v2\/comments?post=76"}],"version-history":[{"count":9,"href":"https:\/\/sites-formations.univ-rennes2.fr\/psychologie-master-ergonomie\/wp-json\/wp\/v2\/pages\/76\/revisions"}],"predecessor-version":[{"id":870,"href":"https:\/\/sites-formations.univ-rennes2.fr\/psychologie-master-ergonomie\/wp-json\/wp\/v2\/pages\/76\/revisions\/870"}],"wp:attachment":[{"href":"https:\/\/sites-formations.univ-rennes2.fr\/psychologie-master-ergonomie\/wp-json\/wp\/v2\/media?parent=76"}],"curies":[{"name":"wp","href":"https:\/\/api.w.org\/{rel}","templated":true}]}}