{"id":67,"date":"2015-02-17T10:27:07","date_gmt":"2015-02-17T09:27:07","guid":{"rendered":"https:\/\/sites-formations.univ-rennes2.fr\/psychologie-master-ergonomie\/?page_id=67"},"modified":"2024-02-12T20:55:51","modified_gmt":"2024-02-12T19:55:51","slug":"ressources-documentaires","status":"publish","type":"page","link":"https:\/\/sites-formations.univ-rennes2.fr\/psychologie-master-ergonomie\/ressources-documentaires\/","title":{"rendered":"Ressources documentaires"},"content":{"rendered":"<p><strong>L&rsquo;Universit\u00e9 et ses composantes :<\/strong><\/ul>\n<ul>\n<li><a href=\"http:\/\/www.univ-rennes2.fr\/\" target=\"_blank\" rel=\"noopener\">Universit\u00e9 Rennes 2<\/a><\/li>\n<li><a href=\"http:\/\/cursus.uhb.fr\/\" target=\"_blank\" rel=\"noopener\">Cursus : cours en ligne<\/a><\/li>\n<li><a href=\"https:\/\/www.lp3c.fr\/\" target=\"_blank\" rel=\"noopener\">Laboratoire de Psychologie : Cognition, Comportement, Communication (LP3C)<\/a><\/li>\n<li><a href=\"https:\/\/www.bu.univ-rennes2.fr\/\" target=\"_blank\" rel=\"noopener\">Biblioth\u00e8que Universitaire de Rennes 2<\/a><\/li>\n<\/ul>\n<p><strong>Liens utiles en Ergonomie (sites en fran\u00e7ais) :<\/strong><\/ul>\n<ul>\n<li><a href=\"http:\/\/www.ergonomie-self.org\/\" target=\"_blank\" rel=\"noopener\"> Soci\u00e9t\u00e9 d&rsquo;Ergonomie de Langue Fran\u00e7aise<\/A> (SELF)<\/li>\n<li><a href=\"https:\/\/listes.cru.fr\/sympa\/info\/ergoliste\" target=\"_blank\" rel=\"noopener\">Ergo Liste<\/a> (liste de diffusion)<\/li>\n<li><a href=\"https:\/\/listes.cru.fr\/sympa\/info\/ergoihm\" target=\"_blank\" rel=\"noopener\">Ergo IHM<\/a> (liste de diffusion)<\/li>\n<li><a href=\"http:\/\/www.inrs.fr\" target=\"_blank\" rel=\"noopener\">INRS<\/a> (Institut National de Recherche et de S\u00e9curit\u00e9 pour la pr\u00e9vention des accidents du travail et des maladies professionnelles)<\/li>\n<li><a href=\"http:\/\/www.anact.fr\" target=\"_blank\" rel=\"noopener\">ANACT<\/a> (Agence Nationale pour l&rsquo;Am\u00e9lioration des Conditions de Travail)<\/li>\n<\/ul>\n<p><strong>Liens utiles en Ergonomie (sites en anglais) :<\/strong><\/p>\n<ul>\n<li><a href=\"http:\/\/www.hfes.org\/Web\/\" target=\"_blank\" rel=\"noopener\"> Human Factors and Ergonomics Society<\/A><\/li>\n<li><a href=\"http:\/\/www.hcibib.org\/\" target=\"_blank\" rel=\"noopener\"> HCIbib<\/A> (Human-Computer Interaction Resources)<\/li>\n<\/ul>\n","protected":false},"excerpt":{"rendered":"<p>L&rsquo;Universit\u00e9 et ses composantes : Universit\u00e9 Rennes 2 Cursus : cours en ligne Laboratoire de Psychologie : Cognition, Comportement, Communication (LP3C) Biblioth\u00e8que Universitaire de Rennes 2 Liens utiles en Ergonomie (sites en fran\u00e7ais) : Soci\u00e9t\u00e9 d&rsquo;Ergonomie de Langue Fran\u00e7aise (SELF) Ergo Liste (liste de diffusion) Ergo IHM (liste de diffusion) INRS (Institut National de Recherche\u2026 <span class=\"read-more\"><a href=\"https:\/\/sites-formations.univ-rennes2.fr\/psychologie-master-ergonomie\/ressources-documentaires\/\">Lire la suite &raquo;<\/a><\/span><\/p>\n","protected":false},"author":2,"featured_media":0,"parent":0,"menu_order":26,"comment_status":"closed","ping_status":"closed","template":"page-templates\/full-width.php","meta":{"footnotes":""},"class_list":["post-67","page","type-page","status-publish","hentry"],"_links":{"self":[{"href":"https:\/\/sites-formations.univ-rennes2.fr\/psychologie-master-ergonomie\/wp-json\/wp\/v2\/pages\/67","targetHints":{"allow":["GET"]}}],"collection":[{"href":"https:\/\/sites-formations.univ-rennes2.fr\/psychologie-master-ergonomie\/wp-json\/wp\/v2\/pages"}],"about":[{"href":"https:\/\/sites-formations.univ-rennes2.fr\/psychologie-master-ergonomie\/wp-json\/wp\/v2\/types\/page"}],"author":[{"embeddable":true,"href":"https:\/\/sites-formations.univ-rennes2.fr\/psychologie-master-ergonomie\/wp-json\/wp\/v2\/users\/2"}],"replies":[{"embeddable":true,"href":"https:\/\/sites-formations.univ-rennes2.fr\/psychologie-master-ergonomie\/wp-json\/wp\/v2\/comments?post=67"}],"version-history":[{"count":9,"href":"https:\/\/sites-formations.univ-rennes2.fr\/psychologie-master-ergonomie\/wp-json\/wp\/v2\/pages\/67\/revisions"}],"predecessor-version":[{"id":905,"href":"https:\/\/sites-formations.univ-rennes2.fr\/psychologie-master-ergonomie\/wp-json\/wp\/v2\/pages\/67\/revisions\/905"}],"wp:attachment":[{"href":"https:\/\/sites-formations.univ-rennes2.fr\/psychologie-master-ergonomie\/wp-json\/wp\/v2\/media?parent=67"}],"curies":[{"name":"wp","href":"https:\/\/api.w.org\/{rel}","templated":true}]}}