{"id":58,"date":"2015-02-17T10:19:43","date_gmt":"2015-02-17T09:19:43","guid":{"rendered":"https:\/\/sites-formations.univ-rennes2.fr\/psychologie-master-ergonomie\/?page_id=58"},"modified":"2023-01-11T18:08:37","modified_gmt":"2023-01-11T17:08:37","slug":"temoignages","status":"publish","type":"page","link":"https:\/\/sites-formations.univ-rennes2.fr\/psychologie-master-ergonomie\/temoignages\/","title":{"rendered":"T\u00e9moignages"},"content":{"rendered":"<ul>\n<li><strong> Maxime a obtenu son Master 2 en septembre 2015. Il a r\u00e9alis\u00e9 son stage de fin d&rsquo;\u00e9tudes chez Cooperstandard. Il travaille maintenant comme ing\u00e9nieur d&rsquo;\u00e9tudes \u00e0 l&rsquo;universit\u00e9 Rennes 2.<\/strong><br \/>\n<blockquote><p><em> \u00ab\u00a0Enti\u00e8rement satisfait d&rsquo;avoir effectu\u00e9 ce Master vraiment complet et dans lequel le suivi et la proximit\u00e9 avec les enseignants sont appr\u00e9ciables. Le Master permet de se former aux 3 grands champs de l&rsquo;ergonomie (IHM, Sant\u00e9-Travail, Organisation du Travail) et s&rsquo;appuie fortement sur les connaissances existantes en psychologie. L&rsquo;ann\u00e9e est tr\u00e8s dynamique et ponctu\u00e9e par des cours assur\u00e9s par les enseignants-chercheurs du d\u00e9partement de psychologie, des interventions de professionnels ext\u00e9rieurs \u00e0 l&rsquo;Universit\u00e9, des travaux de groupe et pr\u00e9sentations de ces travaux, visites en entreprises, \u00ab\u00a0mission-courtes\u00a0\u00bb (stage court sur une mission pr\u00e9cise), et enfin le stage de c\u00e9sure.<br \/>\nLe Master commence \u00e0 d\u00e9velopper un r\u00e9seau int\u00e9ressant de partenariats avec des entreprises ext\u00e9rieures et les offres de stage propos\u00e9es directement au Master ne manquent pas.<br \/>\nPour r\u00e9sumer, cette ann\u00e9e m&rsquo;a permis de d\u00e9velopper de bonnes connaissances et comp\u00e9tences m\u00e9thodologiques, et ainsi d&rsquo;\u00eatre suffisamment bien arm\u00e9 pour le monde du travail.\u00a0\u00bb<\/em><\/p><\/blockquote>\n<p>Ing\u00e9nieur d&rsquo;\u00e9tudes psychologue-ergonome, CRPCC-LPE, Rennes<\/li>\n<p>&nbsp;<\/p>\n<li><strong> Cindy a obtenu son Master 2 en septembre 2014. Elle a r\u00e9alis\u00e9 son stage de fin d&rsquo;\u00e9tudes au CHU de Rennes. Quinze jours apr\u00e8s l&rsquo;obtention de son dipl\u00f4me, elle occupe un poste d&rsquo;ergonome en CDI au sein du SIADV Bretagne (Service Interr\u00e9gional d&rsquo;Appui aux adultes D\u00e9ficients Visuels).<\/strong><br \/>\n<blockquote><p><em> \u00ab\u00a0Ce master permet dans un premier temps d&rsquo;acqu\u00e9rir des comp\u00e9tences th\u00e9oriques gr\u00e2ce aux cours et aux intervenants ext\u00e9rieurs qui viennent partager leurs exp\u00e9riences et leur passion.<br \/>\nPuis, la r\u00e9alisation d&rsquo;une mission courte et d&rsquo;un stage de fin d&rsquo;\u00e9tudes permet d&rsquo;acqu\u00e9rir des comp\u00e9tences pratiques, mais \u00e9galement de se projeter dans le monde du travail. Bien choisir son stage me semble donc primordial.<br \/>\nEnfin, le Master de Rennes permet de finaliser son cursus de psychologie du travail, tout en acqu\u00e9rant des comp\u00e9tences en ergonomie. Cela est pour moi un r\u00e9el atout car il m&rsquo;a permis de rapidement m&rsquo;ins\u00e9rer dans le domaine de la sant\u00e9 au travail.\u00a0\u00bb<\/em><\/p><\/blockquote>\n<p>Ergonome, SIADV Bretagne<\/li>\n<p>&nbsp;<\/p>\n<li><strong> Adrien a obtenu son Master 2 en septembre 2013. Il a r\u00e9alis\u00e9 son stage de fin d&rsquo;\u00e9tudes dans l&rsquo;agence Smile Digital \u00e0 Paris, stage qui s&rsquo;est vu prolonger par un CDD, puis un CDI. Six mois apr\u00e8s l&rsquo;obtention de son dipl\u00f4me, il occupe donc en CDI un poste d&rsquo;ergonome dans l&rsquo;entreprise qui l&rsquo;avait accueilli en stage.<\/strong><br \/>\n<blockquote><p><em> \u00ab\u00a0La richesse des enseignements et leur diversit\u00e9 (psychologie du travail, ergonomie IHM, ergonomie physique, &#8230;) sont les qualit\u00e9s premi\u00e8res de ce master. L&rsquo;\u00e9quipe enseignante ainsi que les intervenants ext\u00e9rieurs sont passionn\u00e9s, extr\u00eamement comp\u00e9tents et \u00e0 l&rsquo;\u00e9coute afin de vous apprendre \u00e0 exercer au mieux votre m\u00e9tier de psychologue et\/ou d&rsquo;ergonome. Toutes les conditions sont r\u00e9unies pour r\u00e9ussir et le stage est l\u00e0 pour conclure et appliquer vos connaissances. Personnellement, j&rsquo;en garderai un excellent souvenir pour son ambiance (tout en restant s\u00e9rieux !) et sa pr\u00e9paration aux m\u00e9tiers souhait\u00e9s car il m&rsquo;a permis d&rsquo;obtenir un CDI dans l&rsquo;entreprise m&rsquo;ayant accueilli pour mon stage.\u00a0\u00bb<\/em><\/p><\/blockquote>\n<p>Ergonome et UX designer, Smile Digital, Paris<\/li>\n<p>&nbsp;<\/p>\n<li><strong>Ad\u00e9la\u00efde a obtenu son Master 2 en septembre 2013, apr\u00e8s avoir effectu\u00e9 un stage en ergonomie des IHM au Centre de Recherche Public Henri Tudor \u00e0 Luxembourg. Apr\u00e8s trois mois de recherches, elle trouve un premier emploi dans le domaine de l\u2019UX design, pour la soci\u00e9t\u00e9 Netway. Elle nous parle de la formation qu&rsquo;elle a suivie \u00e0 Rennes 2 :<\/strong><br \/>\n<blockquote><p><em> \u00ab\u00a0Je garde un excellent souvenir du Master Ergonomie de Rennes 2. La formation est diversifi\u00e9e et riche, que ce soit sur le plan th\u00e9orique, pratique ou m\u00e9thodologique. Cela m\u2019a permis d\u2019abord de trouver un stage tr\u00e8s int\u00e9ressant, puis de me vendre efficacement lors d\u2019entretiens d\u2019embauche. Elle permet aussi de s\u2019ouvrir \u00e0 une pluridisciplinarit\u00e9, qui me sert aujourd\u2019hui dans mon emploi : \u00eatre polyvalent et d\u2019horizons pluriels est incontestablement un atout pour se d\u00e9marquer ! Je noterais aussi que nous avons b\u00e9n\u00e9fici\u00e9 d\u2019un encadrement id\u00e9al, et que nous avons pu \u00e9voluer dans une ambiance g\u00e9niale, toutes les conditions \u00e9taient r\u00e9unies pour que nous r\u00e9ussissions !.\u00a0\u00bb <\/em><\/p><\/blockquote>\n<p>UX designer, Netway SA, Luxembourg<\/li>\n<p>&nbsp;<\/p>\n<li><strong>Adrien a obtenu son Master 2 en octobre 2006, apr\u00e8s avoir effectu\u00e9 un stage dans la soci\u00e9t\u00e9 MGDIS (Editrice de logiciels) \u00e0 Vannes. Apr\u00e8s six mois de recherches, il trouve un premier emploi \u00e0 la DGA (D\u00e9l\u00e9gation G\u00e9n\u00e9rale pour l&rsquo;Armement) en tant qu&rsquo;ergonome expert en facteurs humains. Il est aujourd&rsquo;hui ergonome consultant au sein du Cabinet DEDALE \u00e0 Paris et nous parle de la formation qu&rsquo;il a suivie \u00e0 Rennes 2 :<\/strong><br \/>\n<blockquote><p><em> \u00ab\u00a0La formation de Rennes 2 est assez diversifi\u00e9e pour permettre d&rsquo;acc\u00e9der \u00e0 une large vari\u00e9t\u00e9 de postes (ergonomie physique, IHM, organisation, s\u00e9curit\u00e9, communication, formation, recrutement, bilan de comp\u00e9tences&#8230;) dans un cabinet de consultants pluridisciplinaire. Cela est un atout majeur et permet de facilement se diversifier. De plus, c&rsquo;est l&rsquo;une des seules formations, \u00e0 ma connaissance, permettant de se pr\u00e9senter avec la double casquette \u00ab\u00a0Psychologue du travail\u00a0\u00bb et \u00ab\u00a0Ergonome\u00a0\u00bb.\u00a0\u00bb <\/em><\/p><\/blockquote>\n<p>Ergonome, Consultant en facteurs humains, Cabinet DEDALE, Paris<\/li>\n<p>&nbsp;<\/p>\n<li><strong>Julie a \u00e9galement obtenu son master en 2006, suite \u00e0 un stage chez ALTEN OUEST Rennes, soci\u00e9t\u00e9 de services en ing\u00e9nierie. Embauch\u00e9e directement \u00e0 la suite de son stage, elle est aujourd&rsquo;hui Psychologue du travail au sein du service local de psychologie appliqu\u00e9e de la marine nationale \u00e0 Lorient.<\/strong><br \/>\n<blockquote><p><em> \u00ab\u00a0Je suis pleinement satisfaite de la formation re\u00e7ue au cours de ce master. Le choix du stage de fin d&rsquo;ann\u00e9e appara\u00eet important car il d\u00e9termine assez souvent la carri\u00e8re future (dans mon cas il s&rsquo;est transform\u00e9 en CDD). Enfin, je garde un excellent souvenir de ma promo qui je pense \u00e9tait exceptionnelle !\u00a0\u00bb<\/em><\/p><\/blockquote>\n<p>Psychologue du travail, Marine Nationale, Lorient<\/li>\n<p>&nbsp;<\/p>\n<li><strong>Suite \u00e0 un stage chez TELECOM Bretagne au sein de l&rsquo;\u00e9quipe SID du d\u00e9partement informatique (Services Innovants pour personnes D\u00e9pendantes) et apr\u00e8s une recherche d&#8217;emploi de deux mois, Gilles d\u00e9croche son premier emploi en d\u00e9cembre 2008 dans l&rsquo;ergonomie des IHM, en tant qu&rsquo;Ing\u00e9nieur d&rsquo;Etude au CRPCC-LPE de l&rsquo;Universit\u00e9 de Rennes 2 (Centre de Recherches en Psychologie, Cognition et Communication-Laboratoire de Psychologie Exp\u00e9rimentale). Il nous donne son point de vue :<\/strong><br \/>\n<blockquote><p><em> \u00ab\u00a0C&rsquo;est une bonne formation, ouverte, pr\u00e9sentant les diff\u00e9rents domaines de la Psychologie du Travail et de l&rsquo;Ergonomie, ce qui peut-\u00eatre emp\u00eache de voir ces domaines de fa\u00e7on pr\u00e9cise et d\u00e9taill\u00e9e&#8230; Mais elle m&rsquo;a permis d&rsquo;acqu\u00e9rir les connaissances m\u00e9thodologiques venant compl\u00e9ter les connaissances th\u00e9oriques acquises au cours des ann\u00e9es pr\u00e9c\u00e9dentes, plus une mise en pratique de l&rsquo;ensemble de ces connaissances lors du stage (6 mois), ainsi que des activit\u00e9s r\u00e9alis\u00e9es dans le cadre de la formation (rapport d&rsquo;activit\u00e9, test utilisateur&#8230;)\u00a0\u00bb <\/em><\/p><\/blockquote>\n<p>Ing\u00e9nieur d&rsquo;Etude, CRPCC-LPE Universit\u00e9 de Rennes 2, Rennes<\/li>\n<\/ul>\n<p>&nbsp;<\/p>\n<p><strong>Le d\u00e9tail des missions effectu\u00e9es en stage se trouve dans la rubrique <a href=\"?p=46\">\u00ab\u00a0Stages\u00a0\u00bb<\/a>.<\/strong><\/p>\n","protected":false},"excerpt":{"rendered":"<p>Maxime a obtenu son Master 2 en septembre 2015. Il a r\u00e9alis\u00e9 son stage de fin d&rsquo;\u00e9tudes chez Cooperstandard. Il travaille maintenant comme ing\u00e9nieur d&rsquo;\u00e9tudes \u00e0 l&rsquo;universit\u00e9 Rennes 2. \u00ab\u00a0Enti\u00e8rement satisfait d&rsquo;avoir effectu\u00e9 ce Master vraiment complet et dans lequel le suivi et la proximit\u00e9 avec les enseignants sont appr\u00e9ciables. Le Master permet de se\u2026 <span class=\"read-more\"><a href=\"https:\/\/sites-formations.univ-rennes2.fr\/psychologie-master-ergonomie\/temoignages\/\">Lire la suite &raquo;<\/a><\/span><\/p>\n","protected":false},"author":2,"featured_media":0,"parent":0,"menu_order":21,"comment_status":"closed","ping_status":"closed","template":"page-templates\/full-width.php","meta":{"footnotes":""},"class_list":["post-58","page","type-page","status-publish","hentry"],"_links":{"self":[{"href":"https:\/\/sites-formations.univ-rennes2.fr\/psychologie-master-ergonomie\/wp-json\/wp\/v2\/pages\/58","targetHints":{"allow":["GET"]}}],"collection":[{"href":"https:\/\/sites-formations.univ-rennes2.fr\/psychologie-master-ergonomie\/wp-json\/wp\/v2\/pages"}],"about":[{"href":"https:\/\/sites-formations.univ-rennes2.fr\/psychologie-master-ergonomie\/wp-json\/wp\/v2\/types\/page"}],"author":[{"embeddable":true,"href":"https:\/\/sites-formations.univ-rennes2.fr\/psychologie-master-ergonomie\/wp-json\/wp\/v2\/users\/2"}],"replies":[{"embeddable":true,"href":"https:\/\/sites-formations.univ-rennes2.fr\/psychologie-master-ergonomie\/wp-json\/wp\/v2\/comments?post=58"}],"version-history":[{"count":16,"href":"https:\/\/sites-formations.univ-rennes2.fr\/psychologie-master-ergonomie\/wp-json\/wp\/v2\/pages\/58\/revisions"}],"predecessor-version":[{"id":411,"href":"https:\/\/sites-formations.univ-rennes2.fr\/psychologie-master-ergonomie\/wp-json\/wp\/v2\/pages\/58\/revisions\/411"}],"wp:attachment":[{"href":"https:\/\/sites-formations.univ-rennes2.fr\/psychologie-master-ergonomie\/wp-json\/wp\/v2\/media?parent=58"}],"curies":[{"name":"wp","href":"https:\/\/api.w.org\/{rel}","templated":true}]}}