{"id":42,"date":"2015-02-17T10:09:19","date_gmt":"2015-02-17T09:09:19","guid":{"rendered":"https:\/\/sites-formations.univ-rennes2.fr\/psychologie-master-ergonomie\/?page_id=42"},"modified":"2023-01-11T18:08:03","modified_gmt":"2023-01-11T17:08:03","slug":"uem-2-evaluation-en-ergonomie","status":"publish","type":"page","link":"https:\/\/sites-formations.univ-rennes2.fr\/psychologie-master-ergonomie\/details-des-enseignements\/uem-2-evaluation-en-ergonomie\/","title":{"rendered":"UEM 2 : M\u00e9thodes en ergonomie"},"content":{"rendered":"<p>&nbsp;<br \/>\n<strong><span style=\"font-size=+1;\"><span style=\"color: #191970;\">UEM 2 : M\u00e9thodes en ergonomie (64h)<\/span><\/span><\/strong><\/p>\n<ul>\n<li>M\u00e9thodologie d&rsquo;\u00e9valuation des usages des TIC<br \/>\n&#8211; La d\u00e9marche d\u2019\u00e9valuation : analyse de la cible, de la t\u00e2che, des besoins, \u2026<br \/>\n&#8211; La notion d\u2019\u00e9valuation des IHM : utilit\u00e9, utilisabilit\u00e9 et acceptabilit\u00e9<br \/>\n&#8211; M\u00e9thodologies d\u2019\u00e9valuation des IHM (test Utilisateur, questionnaires, &#8230;)<br \/>\n&#8211; Visite de la plate-forme <a href=\"http:\/\/www.loustic.net\/\" target=\"_blank\" rel=\"noopener\">Loustic<\/A> (Laboratoire d\u2019Observation des Usages des Technologies de l\u2019Information et de la Communication)<\/li>\n<li>M\u00e9thodes d&rsquo;inspection<\/li>\n<li>Maquettage et prototypage<\/li>\n<li>Cahier des charges et intervention ergonomique<\/li>\n<li>\u00c9valuation de l\u2019attention et de la charge cognitive<\/li>\n<li>Analyse de l&rsquo;activit\u00e9 de travail<\/li>\n<\/ul>\n<p style=\"text-align: right;\"><span style=\"color: #0966b8;\"><a style=\"color: #0966b8;\" title=\"Retour \u00e0 la liste des UE\" href=\"?p=34\">Retour \u00e0 la liste des Unit\u00e9s d&rsquo;Enseignements<\/a><\/span><\/p>\n","protected":false},"excerpt":{"rendered":"<p>&nbsp; UEM 2 : M\u00e9thodes en ergonomie (64h) M\u00e9thodologie d&rsquo;\u00e9valuation des usages des TIC &#8211; La d\u00e9marche d\u2019\u00e9valuation : analyse de la cible, de la t\u00e2che, des besoins, \u2026 &#8211; La notion d\u2019\u00e9valuation des IHM : utilit\u00e9, utilisabilit\u00e9 et acceptabilit\u00e9 &#8211; M\u00e9thodologies d\u2019\u00e9valuation des IHM (test Utilisateur, questionnaires, &#8230;) &#8211; Visite de la plate-forme Loustic\u2026 <span class=\"read-more\"><a href=\"https:\/\/sites-formations.univ-rennes2.fr\/psychologie-master-ergonomie\/details-des-enseignements\/uem-2-evaluation-en-ergonomie\/\">Lire la suite &raquo;<\/a><\/span><\/p>\n","protected":false},"author":2,"featured_media":0,"parent":34,"menu_order":14,"comment_status":"closed","ping_status":"closed","template":"","meta":{"footnotes":""},"class_list":["post-42","page","type-page","status-publish","hentry"],"_links":{"self":[{"href":"https:\/\/sites-formations.univ-rennes2.fr\/psychologie-master-ergonomie\/wp-json\/wp\/v2\/pages\/42","targetHints":{"allow":["GET"]}}],"collection":[{"href":"https:\/\/sites-formations.univ-rennes2.fr\/psychologie-master-ergonomie\/wp-json\/wp\/v2\/pages"}],"about":[{"href":"https:\/\/sites-formations.univ-rennes2.fr\/psychologie-master-ergonomie\/wp-json\/wp\/v2\/types\/page"}],"author":[{"embeddable":true,"href":"https:\/\/sites-formations.univ-rennes2.fr\/psychologie-master-ergonomie\/wp-json\/wp\/v2\/users\/2"}],"replies":[{"embeddable":true,"href":"https:\/\/sites-formations.univ-rennes2.fr\/psychologie-master-ergonomie\/wp-json\/wp\/v2\/comments?post=42"}],"version-history":[{"count":13,"href":"https:\/\/sites-formations.univ-rennes2.fr\/psychologie-master-ergonomie\/wp-json\/wp\/v2\/pages\/42\/revisions"}],"predecessor-version":[{"id":869,"href":"https:\/\/sites-formations.univ-rennes2.fr\/psychologie-master-ergonomie\/wp-json\/wp\/v2\/pages\/42\/revisions\/869"}],"up":[{"embeddable":true,"href":"https:\/\/sites-formations.univ-rennes2.fr\/psychologie-master-ergonomie\/wp-json\/wp\/v2\/pages\/34"}],"wp:attachment":[{"href":"https:\/\/sites-formations.univ-rennes2.fr\/psychologie-master-ergonomie\/wp-json\/wp\/v2\/media?parent=42"}],"curies":[{"name":"wp","href":"https:\/\/api.w.org\/{rel}","templated":true}]}}