{"id":36,"date":"2015-02-17T10:04:57","date_gmt":"2015-02-17T09:04:57","guid":{"rendered":"https:\/\/sites-formations.univ-rennes2.fr\/psychologie-master-ergonomie\/?page_id=36"},"modified":"2023-01-11T18:07:44","modified_gmt":"2023-01-11T17:07:44","slug":"ues-1-et-uem-1-cours-du-tronc-commun","status":"publish","type":"page","link":"https:\/\/sites-formations.univ-rennes2.fr\/psychologie-master-ergonomie\/details-des-enseignements\/ues-1-et-uem-1-cours-du-tronc-commun\/","title":{"rendered":"UEF 1 et UEM 1 : Cours du Tronc Commun"},"content":{"rendered":"<p>&nbsp;<br \/>\n<strong><span style=\"font-size: large;\">Tronc commun<\/span><\/strong><\/p>\n<p>Enseignements mutualis\u00e9s entre les deux parcours EPFH et IPC du master 2 PSTO. Tous les cours de tronc commun sont obligatoires.<\/p>\n<p><strong><span style=\"color: #191970;\">UEF 1 : Sant\u00e9 et qualit\u00e9 de vie au travail (72h)<\/span><\/strong><\/p>\n<ul>\n<li>Stress et souffrance au travail<\/li>\n<li>Qualit\u00e9 de vie au travail<\/li>\n<li>Pr\u00e9vention des risques psychosociaux<\/li>\n<li>Prise en charge du stress professionnel et de la souffrance au travail<\/li>\n<li>Droit du travail et de la formation<\/li>\n<\/ul>\n<p><strong><span style=\"color: #191970;\">UEM 1 : Pratiques de la recherche en psychologie du travail (12h sp\u00e9cifiques au parcours + 70h mutualis\u00e9es avec 5 autres parcours)<\/span><\/strong><\/p>\n<ul>\n<li>Analyse des donn\u00e9es de terrain<\/li>\n<li>Communications scientifiques (\u00e9crite et orale)<\/li>\n<li>M\u00e9tiers et financements de la recherche<\/li>\n<li>Outils pour la recherche<\/li>\n<li>Statistiques avanc\u00e9es<\/li>\n<li>S\u00e9minaires th\u00e9matiques<\/li>\n<\/ul>\n<p style=\"text-align: right;\"><span style=\"color: #0966b8;\"><a style=\"color: #0966b8;\" title=\"Retour \u00e0 la liste des UE\" href=\"?p=34\">Retour \u00e0 la liste des Unit\u00e9s d&rsquo;Enseignements<\/a><\/span><\/p>\n","protected":false},"excerpt":{"rendered":"<p>&nbsp; Tronc commun Enseignements mutualis\u00e9s entre les deux parcours EPFH et IPC du master 2 PSTO. Tous les cours de tronc commun sont obligatoires. UEF 1 : Sant\u00e9 et qualit\u00e9 de vie au travail (72h) Stress et souffrance au travail Qualit\u00e9 de vie au travail Pr\u00e9vention des risques psychosociaux Prise en charge du stress professionnel\u2026 <span class=\"read-more\"><a href=\"https:\/\/sites-formations.univ-rennes2.fr\/psychologie-master-ergonomie\/details-des-enseignements\/ues-1-et-uem-1-cours-du-tronc-commun\/\">Lire la suite &raquo;<\/a><\/span><\/p>\n","protected":false},"author":2,"featured_media":0,"parent":34,"menu_order":10,"comment_status":"closed","ping_status":"closed","template":"","meta":{"footnotes":""},"class_list":["post-36","page","type-page","status-publish","hentry"],"_links":{"self":[{"href":"https:\/\/sites-formations.univ-rennes2.fr\/psychologie-master-ergonomie\/wp-json\/wp\/v2\/pages\/36","targetHints":{"allow":["GET"]}}],"collection":[{"href":"https:\/\/sites-formations.univ-rennes2.fr\/psychologie-master-ergonomie\/wp-json\/wp\/v2\/pages"}],"about":[{"href":"https:\/\/sites-formations.univ-rennes2.fr\/psychologie-master-ergonomie\/wp-json\/wp\/v2\/types\/page"}],"author":[{"embeddable":true,"href":"https:\/\/sites-formations.univ-rennes2.fr\/psychologie-master-ergonomie\/wp-json\/wp\/v2\/users\/2"}],"replies":[{"embeddable":true,"href":"https:\/\/sites-formations.univ-rennes2.fr\/psychologie-master-ergonomie\/wp-json\/wp\/v2\/comments?post=36"}],"version-history":[{"count":16,"href":"https:\/\/sites-formations.univ-rennes2.fr\/psychologie-master-ergonomie\/wp-json\/wp\/v2\/pages\/36\/revisions"}],"predecessor-version":[{"id":527,"href":"https:\/\/sites-formations.univ-rennes2.fr\/psychologie-master-ergonomie\/wp-json\/wp\/v2\/pages\/36\/revisions\/527"}],"up":[{"embeddable":true,"href":"https:\/\/sites-formations.univ-rennes2.fr\/psychologie-master-ergonomie\/wp-json\/wp\/v2\/pages\/34"}],"wp:attachment":[{"href":"https:\/\/sites-formations.univ-rennes2.fr\/psychologie-master-ergonomie\/wp-json\/wp\/v2\/media?parent=36"}],"curies":[{"name":"wp","href":"https:\/\/api.w.org\/{rel}","templated":true}]}}