{"id":81,"date":"2020-02-06T10:28:51","date_gmt":"2020-02-06T09:28:51","guid":{"rendered":"https:\/\/sites-formations.univ-rennes2.fr\/master-eaosp\/?page_id=81"},"modified":"2023-01-27T09:32:34","modified_gmt":"2023-01-27T08:32:34","slug":"equipe","status":"publish","type":"page","link":"https:\/\/sites-formations.univ-rennes2.fr\/master-eaosp\/equipe\/","title":{"rendered":"Enseignants"},"content":{"rendered":"\n<p>Les <strong>enseignements th\u00e9oriques<\/strong> sont propos\u00e9s par des enseignements chercheurs, membres de l&rsquo;\u00e9quipe p\u00e9dagogique. <\/p>\n\n\n\n<ul class=\"wp-block-list\">\n<li><strong>Maud BESANCON<\/strong> &#8211; Psychologie Diff\u00e9rentielle<\/li>\n\n\n\n<li><strong>Emmanuelle BONJOUR<\/strong> &#8211; Psychologie du D\u00e9veloppement<\/li>\n\n\n\n<li><strong>Nathalie BONNETON-BOTTE<\/strong> &#8211; Psychologie du D\u00e9veloppement<\/li>\n\n\n\n<li><strong>Julie BRIEC<\/strong> &#8211; Psychologie Clinique de l&rsquo;Enfant<\/li>\n\n\n\n<li><strong>Sophie BRUNOT<\/strong> &#8211; Psychologie Sociale<\/li>\n\n\n\n<li><strong>St\u00e9phane LAURENS<\/strong> &#8211; Psychologie Sociale<\/li>\n\n\n\n<li><strong>Olivier LE BOHEC <\/strong>&#8211; Psychologie Cognitive<\/li>\n\n\n\n<li><strong>Lise LEMOINE<\/strong> &#8211; Psychologie du D\u00e9veloppement<\/li>\n\n\n\n<li><strong>Nathalie MAREC-BRETON<\/strong> &#8211; Psychologie du D\u00e9veloppement<\/li>\n\n\n\n<li><strong>Thierry MARIVAIN<\/strong> &#8211; Psychologie Diff\u00e9rentielle<\/li>\n\n\n\n<li><strong>G\u00e9raldine ROUXEL<\/strong> &#8211; Psychologie Diff\u00e9rentielle<\/li>\n<\/ul>\n\n\n\n<p>Les <strong>enseignements portant sur la pratique du m\u00e9tier de psychologue<\/strong> sont assur\u00e9s par des intervenants professionnels partenaires de notre formation. <\/p>\n\n\n\n<ul class=\"wp-block-list\">\n<li><strong>Laetitia BOUYAUD<\/strong> &#8211; Psychologue<\/li>\n\n\n\n<li><strong>Magali ETESSE<\/strong> &#8211; PSY EN &#8211;  EDA<\/li>\n\n\n\n<li><strong>\u00c1sta GEORSDOTTIR<\/strong> &#8211; Psychologue<\/li>\n\n\n\n<li><strong>Sylvie GOZZI<\/strong> &#8211; DCIO<\/li>\n\n\n\n<li><strong>Val\u00e9rie GRUMETZ<\/strong> &#8211; IEN<\/li>\n\n\n\n<li><strong>David LEVOYER<\/strong> &#8211; P\u00e9dopsychiatre<\/li>\n\n\n\n<li><strong>Line NIKIEMA<\/strong> &#8211; Psychologue<\/li>\n\n\n\n<li><strong>Delphine PLANCHET<\/strong> &#8211; COP &#8211; CEFOPSYEN<\/li>\n\n\n\n<li><strong>S\u00e9verine ROBERT <\/strong>&#8211; psychologue<\/li>\n\n\n\n<li><strong>Mathilde ROUSSEL<\/strong> &#8211; Psychologue<\/li>\n\n\n\n<li><strong>Marie THILLOT<\/strong> &#8211; Psychologue <\/li>\n\n\n\n<li><strong>Sarah WOKURI<\/strong> &#8211; Psychologue<\/li>\n<\/ul>\n\n\n\n<p>et beaucoup d&rsquo;autres professionnels.<\/p>\n","protected":false},"excerpt":{"rendered":"<p>Les enseignements th\u00e9oriques sont propos\u00e9s par des enseignements chercheurs, membres de l&rsquo;\u00e9quipe p\u00e9dagogique. Les enseignements portant sur la pratique du m\u00e9tier de psychologue sont assur\u00e9s par des intervenants professionnels partenaires de notre formation. et beaucoup d&rsquo;autres professionnels.<\/p>\n","protected":false},"author":1,"featured_media":0,"parent":0,"menu_order":0,"comment_status":"closed","ping_status":"closed","template":"","meta":{"footnotes":""},"class_list":["post-81","page","type-page","status-publish","hentry"],"_links":{"self":[{"href":"https:\/\/sites-formations.univ-rennes2.fr\/master-eaosp\/wp-json\/wp\/v2\/pages\/81","targetHints":{"allow":["GET"]}}],"collection":[{"href":"https:\/\/sites-formations.univ-rennes2.fr\/master-eaosp\/wp-json\/wp\/v2\/pages"}],"about":[{"href":"https:\/\/sites-formations.univ-rennes2.fr\/master-eaosp\/wp-json\/wp\/v2\/types\/page"}],"author":[{"embeddable":true,"href":"https:\/\/sites-formations.univ-rennes2.fr\/master-eaosp\/wp-json\/wp\/v2\/users\/1"}],"replies":[{"embeddable":true,"href":"https:\/\/sites-formations.univ-rennes2.fr\/master-eaosp\/wp-json\/wp\/v2\/comments?post=81"}],"version-history":[{"count":11,"href":"https:\/\/sites-formations.univ-rennes2.fr\/master-eaosp\/wp-json\/wp\/v2\/pages\/81\/revisions"}],"predecessor-version":[{"id":407,"href":"https:\/\/sites-formations.univ-rennes2.fr\/master-eaosp\/wp-json\/wp\/v2\/pages\/81\/revisions\/407"}],"wp:attachment":[{"href":"https:\/\/sites-formations.univ-rennes2.fr\/master-eaosp\/wp-json\/wp\/v2\/media?parent=81"}],"curies":[{"name":"wp","href":"https:\/\/api.w.org\/{rel}","templated":true}]}}