{"id":23,"date":"2020-02-05T21:05:15","date_gmt":"2020-02-05T20:05:15","guid":{"rendered":"https:\/\/sites-formations.univ-rennes2.fr\/master-eaosp\/?page_id=23"},"modified":"2024-05-01T12:44:17","modified_gmt":"2024-05-01T10:44:17","slug":"accueil","status":"publish","type":"page","link":"https:\/\/sites-formations.univ-rennes2.fr\/master-eaosp\/","title":{"rendered":"Accueil"},"content":{"rendered":"<p>Bienvenue sur le site du Master de Psychologie \u00ab Approches psychologiques de l&rsquo;Education : de l&rsquo;inclusion \u00e0 l&rsquo;orientation\u00a0\u00bb (nouveau nom du master : Education, Apprentissage, Orientation Scolaire et Professionnelle\u00a0\u00bb) propos\u00e9 \u00e0 l&rsquo;Universit\u00e9 Rennes 2.<\/p>\n<p>Ce parcours pr\u00e9pare \u00e0 l&rsquo;exercice du <strong>m\u00e9tier de psychologue<\/strong><strong>\u00a0praticien, sp\u00e9cialis\u00e9 dans les domaines de l\u2019\u00e9ducation, de la formation et de l\u2019orientation (<\/strong>inscrit, depuis 2017, au r\u00e9pertoire national des certifications professionnelles sous le num\u00e9ro <a href=\"https:\/\/www.francecompetences.fr\/recherche\/rncp\/32143#ancre2\">RNCP32143<\/a>).<\/p>\n<p>Il est rattach\u00e9 au <a href=\"https:\/\/www.lp3c.fr\">Laboratoire de Psychologie, Cognition, Comportement, Communication (LP3C \u2013 EA 1285)<\/a>.<\/p>\n<p>Vous pourrez retrouver la maquette de ce master sur le site de n<a href=\"https:\/\/formations.univ-rennes2.fr\/fr\/formations\/master-37\/master-mention-psychologie-de-l-education-et-de-la-formation-parcours-education-apprentissages-orientation-scolaire-et-professionnelle-JFTIBSEQ.html#programContentff4b1dec-d211-4b65-903b-0d659d32b65b-5\">otre universit\u00e9 de rattachement<\/a>.<\/p>\n\n\n<p><\/p>\n\n\n\n<p><a href=\"https:\/\/sites-formations.univ-rennes2.fr\/master-eaosp\/wp-admin\/post.php?post=437&amp;action=edit\">ACCESSIBILITE<\/a> : NON CONFORME<\/p>\n\n\n\n<p>pour tous soucis au niveau de l&rsquo;accessibilit\u00e9, merci de contacter directement :  nathalie.marec-breton@univ-rennes2.fr<\/p>\n","protected":false},"excerpt":{"rendered":"<p>Bienvenue sur le site du Master de Psychologie \u00ab Approches psychologiques de l&rsquo;Education : de l&rsquo;inclusion \u00e0 l&rsquo;orientation\u00a0\u00bb (nouveau nom du master : Education, Apprentissage, Orientation Scolaire et Professionnelle\u00a0\u00bb) propos\u00e9 \u00e0 l&rsquo;Universit\u00e9 Rennes 2. Ce parcours pr\u00e9pare \u00e0 l&rsquo;exercice du m\u00e9tier de psychologue\u00a0praticien, sp\u00e9cialis\u00e9 dans les domaines de l\u2019\u00e9ducation, de la formation et de l\u2019orientation &hellip; <\/p>\n<p class=\"link-more\"><a href=\"https:\/\/sites-formations.univ-rennes2.fr\/master-eaosp\/\" class=\"more-link\">Continuer la lecture<span class=\"screen-reader-text\"> de &laquo;&nbsp;Accueil&nbsp;&raquo;<\/span><\/a><\/p>\n","protected":false},"author":1,"featured_media":0,"parent":0,"menu_order":0,"comment_status":"closed","ping_status":"closed","template":"","meta":{"footnotes":""},"class_list":["post-23","page","type-page","status-publish","hentry"],"_links":{"self":[{"href":"https:\/\/sites-formations.univ-rennes2.fr\/master-eaosp\/wp-json\/wp\/v2\/pages\/23","targetHints":{"allow":["GET"]}}],"collection":[{"href":"https:\/\/sites-formations.univ-rennes2.fr\/master-eaosp\/wp-json\/wp\/v2\/pages"}],"about":[{"href":"https:\/\/sites-formations.univ-rennes2.fr\/master-eaosp\/wp-json\/wp\/v2\/types\/page"}],"author":[{"embeddable":true,"href":"https:\/\/sites-formations.univ-rennes2.fr\/master-eaosp\/wp-json\/wp\/v2\/users\/1"}],"replies":[{"embeddable":true,"href":"https:\/\/sites-formations.univ-rennes2.fr\/master-eaosp\/wp-json\/wp\/v2\/comments?post=23"}],"version-history":[{"count":15,"href":"https:\/\/sites-formations.univ-rennes2.fr\/master-eaosp\/wp-json\/wp\/v2\/pages\/23\/revisions"}],"predecessor-version":[{"id":444,"href":"https:\/\/sites-formations.univ-rennes2.fr\/master-eaosp\/wp-json\/wp\/v2\/pages\/23\/revisions\/444"}],"wp:attachment":[{"href":"https:\/\/sites-formations.univ-rennes2.fr\/master-eaosp\/wp-json\/wp\/v2\/media?parent=23"}],"curies":[{"name":"wp","href":"https:\/\/api.w.org\/{rel}","templated":true}]}}