{"id":193,"date":"2020-02-06T15:03:46","date_gmt":"2020-02-06T14:03:46","guid":{"rendered":"https:\/\/sites-formations.univ-rennes2.fr\/master-eaosp\/?page_id=193"},"modified":"2023-01-27T09:39:21","modified_gmt":"2023-01-27T08:39:21","slug":"journees-detudes","status":"publish","type":"page","link":"https:\/\/sites-formations.univ-rennes2.fr\/master-eaosp\/journees-detudes\/","title":{"rendered":"Journ\u00e9es d&rsquo;\u00e9tudes"},"content":{"rendered":"\n<p>Chaque ann\u00e9e, les \u00e9tudiants du M2 EAOSP travaillent sur l&rsquo;organisation d&rsquo;une journ\u00e9e d&rsquo;\u00e9tude sur un th\u00e8me d&rsquo;actualit\u00e9 dans le champ de la psychologie de l&rsquo;Education. <\/p>\n\n\n\n<p><\/p>\n\n\n\n<p>2022-2023 : journ\u00e9e sur la scolarisation des enfants issus de la protection de l&rsquo;enfance<\/p>\n\n\n\n<figure class=\"wp-block-image size-full\"><img loading=\"lazy\" decoding=\"async\" width=\"612\" height=\"856\" src=\"https:\/\/sites-formations.univ-rennes2.fr\/master-eaosp\/wp-content\/uploads\/2023\/01\/Capture-decran-2023-01-27-a-09.38.11.png\" alt=\"\" class=\"wp-image-410\" srcset=\"https:\/\/sites-formations.univ-rennes2.fr\/master-eaosp\/wp-content\/uploads\/2023\/01\/Capture-decran-2023-01-27-a-09.38.11.png 612w, https:\/\/sites-formations.univ-rennes2.fr\/master-eaosp\/wp-content\/uploads\/2023\/01\/Capture-decran-2023-01-27-a-09.38.11-214x300.png 214w\" sizes=\"auto, (max-width: 612px) 100vw, 612px\" \/><\/figure>\n\n\n\n<p>2021-2022 : la journ\u00e9e organis\u00e9e portait sur la phobie scolaire. <\/p>\n\n\n\n<figure class=\"wp-block-image size-large\"><img loading=\"lazy\" decoding=\"async\" width=\"724\" height=\"1024\" src=\"https:\/\/sites-formations.univ-rennes2.fr\/master-eaosp\/wp-content\/uploads\/2021\/10\/affiche-journee-detude-phobie-scolaire-1-724x1024.png\" alt=\"\" class=\"wp-image-319\" srcset=\"https:\/\/sites-formations.univ-rennes2.fr\/master-eaosp\/wp-content\/uploads\/2021\/10\/affiche-journee-detude-phobie-scolaire-1-724x1024.png 724w, https:\/\/sites-formations.univ-rennes2.fr\/master-eaosp\/wp-content\/uploads\/2021\/10\/affiche-journee-detude-phobie-scolaire-1-212x300.png 212w, https:\/\/sites-formations.univ-rennes2.fr\/master-eaosp\/wp-content\/uploads\/2021\/10\/affiche-journee-detude-phobie-scolaire-1-768x1086.png 768w, https:\/\/sites-formations.univ-rennes2.fr\/master-eaosp\/wp-content\/uploads\/2021\/10\/affiche-journee-detude-phobie-scolaire-1-1086x1536.png 1086w, https:\/\/sites-formations.univ-rennes2.fr\/master-eaosp\/wp-content\/uploads\/2021\/10\/affiche-journee-detude-phobie-scolaire-1-1448x2048.png 1448w\" sizes=\"auto, (max-width: 724px) 100vw, 724px\" \/><\/figure>\n\n\n\n<p>2020-2021 : la journ\u00e9e d&rsquo;\u00e9tudes \u00e9tait sur le th\u00e8me de l&rsquo;accompagnement des personnes allophones. <\/p>\n\n\n\n<figure class=\"wp-block-image\"><img loading=\"lazy\" decoding=\"async\" width=\"736\" height=\"1024\" src=\"https:\/\/sites-formations.univ-rennes2.fr\/master-eaosp\/wp-content\/uploads\/2021\/02\/Capture-d\u2019\u00e9cran-2021-02-24-\u00e0-11.29.57-736x1024.png\" alt=\"\" class=\"wp-image-289\" srcset=\"https:\/\/sites-formations.univ-rennes2.fr\/master-eaosp\/wp-content\/uploads\/2021\/02\/Capture-d\u2019\u00e9cran-2021-02-24-\u00e0-11.29.57-736x1024.png 736w, https:\/\/sites-formations.univ-rennes2.fr\/master-eaosp\/wp-content\/uploads\/2021\/02\/Capture-d\u2019\u00e9cran-2021-02-24-\u00e0-11.29.57-216x300.png 216w, https:\/\/sites-formations.univ-rennes2.fr\/master-eaosp\/wp-content\/uploads\/2021\/02\/Capture-d\u2019\u00e9cran-2021-02-24-\u00e0-11.29.57-768x1068.png 768w, https:\/\/sites-formations.univ-rennes2.fr\/master-eaosp\/wp-content\/uploads\/2021\/02\/Capture-d\u2019\u00e9cran-2021-02-24-\u00e0-11.29.57.png 860w\" sizes=\"auto, (max-width: 736px) 100vw, 736px\" \/><\/figure>\n\n\n\n<p>2019-2020 : \u00ab\u00a0D\u00e9crochage scolaire : mieux comprendre pour mieux accompagner\u00a0\u00bb.<\/p>\n\n\n\n<figure class=\"wp-block-image\"><img loading=\"lazy\" decoding=\"async\" width=\"816\" height=\"1024\" src=\"https:\/\/sites-formations.univ-rennes2.fr\/master-eaosp\/wp-content\/uploads\/2020\/02\/Capture-d\u2019\u00e9cran-2020-02-06-\u00e0-16.08.21-816x1024.png\" alt=\"\" class=\"wp-image-221\" srcset=\"https:\/\/sites-formations.univ-rennes2.fr\/master-eaosp\/wp-content\/uploads\/2020\/02\/Capture-d\u2019\u00e9cran-2020-02-06-\u00e0-16.08.21-816x1024.png 816w, https:\/\/sites-formations.univ-rennes2.fr\/master-eaosp\/wp-content\/uploads\/2020\/02\/Capture-d\u2019\u00e9cran-2020-02-06-\u00e0-16.08.21-239x300.png 239w, https:\/\/sites-formations.univ-rennes2.fr\/master-eaosp\/wp-content\/uploads\/2020\/02\/Capture-d\u2019\u00e9cran-2020-02-06-\u00e0-16.08.21-768x964.png 768w, https:\/\/sites-formations.univ-rennes2.fr\/master-eaosp\/wp-content\/uploads\/2020\/02\/Capture-d\u2019\u00e9cran-2020-02-06-\u00e0-16.08.21.png 942w\" sizes=\"auto, (max-width: 767px) 89vw, (max-width: 1000px) 54vw, (max-width: 1071px) 543px, 580px\" \/><\/figure>\n\n\n\n<p>2018-2019 : \u00ab\u00a0Ces comportements qui s\u00e8ment le trouble\u00a0\u00bb.<\/p>\n\n\n\n<figure class=\"wp-block-image\"><img loading=\"lazy\" decoding=\"async\" width=\"858\" height=\"1024\" src=\"https:\/\/sites-formations.univ-rennes2.fr\/master-eaosp\/wp-content\/uploads\/2020\/07\/Capture-d\u2019\u00e9cran-2020-07-09-\u00e0-23.06.58-858x1024.png\" alt=\"\" class=\"wp-image-254\" srcset=\"https:\/\/sites-formations.univ-rennes2.fr\/master-eaosp\/wp-content\/uploads\/2020\/07\/Capture-d\u2019\u00e9cran-2020-07-09-\u00e0-23.06.58-858x1024.png 858w, https:\/\/sites-formations.univ-rennes2.fr\/master-eaosp\/wp-content\/uploads\/2020\/07\/Capture-d\u2019\u00e9cran-2020-07-09-\u00e0-23.06.58-251x300.png 251w, https:\/\/sites-formations.univ-rennes2.fr\/master-eaosp\/wp-content\/uploads\/2020\/07\/Capture-d\u2019\u00e9cran-2020-07-09-\u00e0-23.06.58-768x916.png 768w, https:\/\/sites-formations.univ-rennes2.fr\/master-eaosp\/wp-content\/uploads\/2020\/07\/Capture-d\u2019\u00e9cran-2020-07-09-\u00e0-23.06.58.png 942w\" sizes=\"auto, (max-width: 767px) 89vw, (max-width: 1000px) 54vw, (max-width: 1071px) 543px, 580px\" \/><\/figure>\n\n\n\n<p>2017-2018 : \u00ab\u00a0Harc\u00e8lement scolaire\u00a0\u00bb<\/p>\n\n\n\n<figure class=\"wp-block-image\"><img loading=\"lazy\" decoding=\"async\" width=\"684\" height=\"948\" src=\"https:\/\/sites-formations.univ-rennes2.fr\/master-eaosp\/wp-content\/uploads\/2020\/07\/Capture-d\u2019\u00e9cran-2020-07-09-\u00e0-23.13.43.png\" alt=\"\" class=\"wp-image-256\" srcset=\"https:\/\/sites-formations.univ-rennes2.fr\/master-eaosp\/wp-content\/uploads\/2020\/07\/Capture-d\u2019\u00e9cran-2020-07-09-\u00e0-23.13.43.png 684w, https:\/\/sites-formations.univ-rennes2.fr\/master-eaosp\/wp-content\/uploads\/2020\/07\/Capture-d\u2019\u00e9cran-2020-07-09-\u00e0-23.13.43-216x300.png 216w\" sizes=\"auto, (max-width: 684px) 100vw, 684px\" \/><\/figure>\n\n\n\n<p><\/p>\n","protected":false},"excerpt":{"rendered":"<p>Chaque ann\u00e9e, les \u00e9tudiants du M2 EAOSP travaillent sur l&rsquo;organisation d&rsquo;une journ\u00e9e d&rsquo;\u00e9tude sur un th\u00e8me d&rsquo;actualit\u00e9 dans le champ de la psychologie de l&rsquo;Education. 2022-2023 : journ\u00e9e sur la scolarisation des enfants issus de la protection de l&rsquo;enfance 2021-2022 : la journ\u00e9e organis\u00e9e portait sur la phobie scolaire. 2020-2021 : la journ\u00e9e d&rsquo;\u00e9tudes \u00e9tait &hellip; <\/p>\n<p class=\"link-more\"><a href=\"https:\/\/sites-formations.univ-rennes2.fr\/master-eaosp\/journees-detudes\/\" class=\"more-link\">Continuer la lecture<span class=\"screen-reader-text\"> de &laquo;&nbsp;Journ\u00e9es d&rsquo;\u00e9tudes&nbsp;&raquo;<\/span><\/a><\/p>\n","protected":false},"author":1,"featured_media":0,"parent":0,"menu_order":0,"comment_status":"closed","ping_status":"closed","template":"","meta":{"footnotes":""},"class_list":["post-193","page","type-page","status-publish","hentry"],"_links":{"self":[{"href":"https:\/\/sites-formations.univ-rennes2.fr\/master-eaosp\/wp-json\/wp\/v2\/pages\/193","targetHints":{"allow":["GET"]}}],"collection":[{"href":"https:\/\/sites-formations.univ-rennes2.fr\/master-eaosp\/wp-json\/wp\/v2\/pages"}],"about":[{"href":"https:\/\/sites-formations.univ-rennes2.fr\/master-eaosp\/wp-json\/wp\/v2\/types\/page"}],"author":[{"embeddable":true,"href":"https:\/\/sites-formations.univ-rennes2.fr\/master-eaosp\/wp-json\/wp\/v2\/users\/1"}],"replies":[{"embeddable":true,"href":"https:\/\/sites-formations.univ-rennes2.fr\/master-eaosp\/wp-json\/wp\/v2\/comments?post=193"}],"version-history":[{"count":14,"href":"https:\/\/sites-formations.univ-rennes2.fr\/master-eaosp\/wp-json\/wp\/v2\/pages\/193\/revisions"}],"predecessor-version":[{"id":411,"href":"https:\/\/sites-formations.univ-rennes2.fr\/master-eaosp\/wp-json\/wp\/v2\/pages\/193\/revisions\/411"}],"wp:attachment":[{"href":"https:\/\/sites-formations.univ-rennes2.fr\/master-eaosp\/wp-json\/wp\/v2\/media?parent=193"}],"curies":[{"name":"wp","href":"https:\/\/api.w.org\/{rel}","templated":true}]}}