{"id":113,"date":"2020-02-06T12:01:08","date_gmt":"2020-02-06T11:01:08","guid":{"rendered":"https:\/\/sites-formations.univ-rennes2.fr\/master-eaosp\/?page_id=113"},"modified":"2020-02-06T12:01:08","modified_gmt":"2020-02-06T11:01:08","slug":"formation","status":"publish","type":"page","link":"https:\/\/sites-formations.univ-rennes2.fr\/master-eaosp\/formation\/","title":{"rendered":"Formation"},"content":{"rendered":"\n<p>Le parcours \u00abEAOSP\u00bb offre une formation professionnalisante en 2 ans (M1 et M2).<\/p>\n\n\n\n<p>Ce master vise la formation de psychologues de l\u2019\u00e9ducation destin\u00e9s \u00e0 travailler, selon les lieux d\u2019exercice, au contact d\u2019\u00e9coliers, de coll\u00e9giens, de lyc\u00e9ens, d\u2019\u00e9tudiants ou de jeunes adultes.<\/p>\n\n\n\n<p> Les dipl\u00f4m\u00e9s pourront intervenir aupr\u00e8s des \u00e9l\u00e8ves en difficult\u00e9 scolaire en participant \u00e0 l\u2019\u00e9laboration et \u00e0 la mise en \u0153uvre de mesures d\u2019aides adapt\u00e9es (ex. \u00e9laboration de projets personnalis\u00e9s de scolarisation, soutien aux \u00e9quipes p\u00e9dagogiques, orientation vers l\u2019enseignement adapt\u00e9,\u2026) ou \u00e0 des actions de pr\u00e9vention. Ils seront \u00e9galement comp\u00e9tents dans l\u2019accompagnement des jeunes et des familles dans l\u2019\u00e9laboration de projets d\u2019orientation et de formation, dans le choix de leur parcours d\u2019orientation et dans leur insertion professionnelle.<\/p>\n","protected":false},"excerpt":{"rendered":"<p>Le parcours \u00abEAOSP\u00bb offre une formation professionnalisante en 2 ans (M1 et M2). Ce master vise la formation de psychologues de l\u2019\u00e9ducation destin\u00e9s \u00e0 travailler, selon les lieux d\u2019exercice, au contact d\u2019\u00e9coliers, de coll\u00e9giens, de lyc\u00e9ens, d\u2019\u00e9tudiants ou de jeunes adultes. Les dipl\u00f4m\u00e9s pourront intervenir aupr\u00e8s des \u00e9l\u00e8ves en difficult\u00e9 scolaire en participant \u00e0 l\u2019\u00e9laboration &hellip; <\/p>\n<p class=\"link-more\"><a href=\"https:\/\/sites-formations.univ-rennes2.fr\/master-eaosp\/formation\/\" class=\"more-link\">Continuer la lecture<span class=\"screen-reader-text\"> de &laquo;&nbsp;Formation&nbsp;&raquo;<\/span><\/a><\/p>\n","protected":false},"author":1,"featured_media":0,"parent":0,"menu_order":0,"comment_status":"closed","ping_status":"closed","template":"","meta":{"footnotes":""},"class_list":["post-113","page","type-page","status-publish","hentry"],"_links":{"self":[{"href":"https:\/\/sites-formations.univ-rennes2.fr\/master-eaosp\/wp-json\/wp\/v2\/pages\/113","targetHints":{"allow":["GET"]}}],"collection":[{"href":"https:\/\/sites-formations.univ-rennes2.fr\/master-eaosp\/wp-json\/wp\/v2\/pages"}],"about":[{"href":"https:\/\/sites-formations.univ-rennes2.fr\/master-eaosp\/wp-json\/wp\/v2\/types\/page"}],"author":[{"embeddable":true,"href":"https:\/\/sites-formations.univ-rennes2.fr\/master-eaosp\/wp-json\/wp\/v2\/users\/1"}],"replies":[{"embeddable":true,"href":"https:\/\/sites-formations.univ-rennes2.fr\/master-eaosp\/wp-json\/wp\/v2\/comments?post=113"}],"version-history":[{"count":1,"href":"https:\/\/sites-formations.univ-rennes2.fr\/master-eaosp\/wp-json\/wp\/v2\/pages\/113\/revisions"}],"predecessor-version":[{"id":116,"href":"https:\/\/sites-formations.univ-rennes2.fr\/master-eaosp\/wp-json\/wp\/v2\/pages\/113\/revisions\/116"}],"wp:attachment":[{"href":"https:\/\/sites-formations.univ-rennes2.fr\/master-eaosp\/wp-json\/wp\/v2\/media?parent=113"}],"curies":[{"name":"wp","href":"https:\/\/api.w.org\/{rel}","templated":true}]}}