{"id":75,"date":"2019-09-18T12:24:29","date_gmt":"2019-09-18T10:24:29","guid":{"rendered":"https:\/\/sites-formations.univ-rennes2.fr\/licence-pro-design-graphique-multimedia\/?page_id=75"},"modified":"2025-12-16T22:28:07","modified_gmt":"2025-12-16T21:28:07","slug":"histoire-et-theorie","status":"publish","type":"page","link":"https:\/\/sites-formations.univ-rennes2.fr\/licence-pro-design-graphique-multimedia\/cours-412h\/histoire-et-theorie\/","title":{"rendered":"Histoire &#038; th\u00e9orie"},"content":{"rendered":"\n<figure class=\"wp-block-image\"><img loading=\"lazy\" decoding=\"async\" width=\"1440\" height=\"1080\" src=\"https:\/\/sites-formations.univ-rennes2.fr\/licence-pro-design-graphique-multimedia\/wp-content\/uploads\/2021\/02\/IMG_0307-1440x1080.jpg\" alt=\"Journ\u00e9e d'\u00e9tude Le Commanditaire, le graphiste et l'imprimeur, Archives d\u00e9partementales 35, Rennes, 19 octobre 2016. Avec Vincent Perrotet et Jean-Yves Grandidier (L\u00e9zard graphique)\" class=\"wp-image-289\" srcset=\"https:\/\/sites-formations.univ-rennes2.fr\/licence-pro-design-graphique-multimedia\/wp-content\/uploads\/2021\/02\/IMG_0307-1440x1080.jpg 1440w, https:\/\/sites-formations.univ-rennes2.fr\/licence-pro-design-graphique-multimedia\/wp-content\/uploads\/2021\/02\/IMG_0307-640x480.jpg 640w, https:\/\/sites-formations.univ-rennes2.fr\/licence-pro-design-graphique-multimedia\/wp-content\/uploads\/2021\/02\/IMG_0307-768x576.jpg 768w\" sizes=\"auto, (max-width: 1440px) 100vw, 1440px\" \/><figcaption class=\"wp-element-caption\">Journ\u00e9e d&rsquo;\u00e9tude Le Commanditaire, le graphiste et l&rsquo;imprimeur, Archives d\u00e9partementales 35, Rennes, 19 octobre 2016. Avec Vincent Perrottet et Jean-Yves Grandidier (L\u00e9zard graphique)<\/figcaption><\/figure>\n\n\n\n<h3 class=\"wp-block-heading\"><strong>Approches th\u00e9oriques&#160;: design graphique<\/strong> \u2013 20 h<\/h3>\n\n\n\n<p>Ce cours propose d\u2019\u00e9tudier les relations du design aux \u00ab&#160;humanit\u00e9s num\u00e9riques&#160;\u00bb <em>(digital humanities)<\/em>, c\u2019est-\u00e0-dire comment les environnements num\u00e9riques contemporains renouvellent et permettent de nouveaux modes de production et de transmission des savoirs. Quelle est la place du design et des designers dans ces environnements&#160;? Nous regarderons un panorama de d\u00e9finitions, enjeux, cas exemplaires et objets d&rsquo;\u00e9tudes historiques&#160;; la critique par le design (design et technologies informatiques)&#160;; la responsabilit\u00e9 esth\u00e9tique du design (lisibilit\u00e9, design d&rsquo;information, attention)&#160;; le design comme vecteur d&rsquo;innovation (coordonner l&rsquo;interdisciplinarit\u00e9, objets p\u00e9riph\u00e9riques, intelligence artificielle), les projets entre art, design et science, et finalement les perspectives acad\u00e9miques et critiques. \u2014 <strong>Anne-Lyse Renon<\/strong><\/p>\n\n\n\n<h3 class=\"wp-block-heading\">La commande de design graphique \u2013 8 h<\/h3>\n\n\n\n<p><em><strong>Le commanditaire, le graphiste et l\u2019imprimeur<\/strong><\/em><strong>.<\/strong><br><em>Le commanditaire, le graphiste et l\u2019imprimeur<\/em> est un cycle de journ\u00e9es d\u2019\u00e9tudes et de discussions autour du design graphique mis \u00e0 nu par celles et ceux qui le mettent en \u0153uvre. D\u00e9di\u00e9e \u00e0 des temps de pr\u00e9sentations suivis d\u2019\u00e9changes autour de r\u00e9alisations concr\u00e8tes, cette journ\u00e9e nous permet de comprendre les enjeux, les attentes et les objectifs de chacun\u00b7e des acteur\u00b7rice\u00b7s qui collaborent \u00e0 la r\u00e9alisation de ce que l\u2019on nomme identit\u00e9 visuelle, ligne graphique, direction artistique, syst\u00e8me graphique, etc. <\/p>\n\n\n\n<p>Journ\u00e9e coordonn\u00e9e par<strong> Jocelyn Cottencin <\/strong>et<strong> Yann S\u00e9randour <\/strong>avec des professionnel\u00b7le\u00b7s invit\u00e9\u00b7e\u00b7s, en collaboration avec l&rsquo;\u00e9quipe de recherche <a rel=\"noreferrer noopener\" href=\"https:\/\/ptac.hypotheses.org\/\" target=\"_blank\">Pratiques et Th\u00e9ories de l&rsquo;Art Contemporain<\/a> et le <a rel=\"noreferrer noopener\" href=\"http:\/\/www.laab.fr\/\" target=\"_blank\">DSAA design graphique<\/a> du lyc\u00e9e Br\u00e9quigny.<\/p>\n\n\n\n<p>La matin\u00e9e se prolonge dans un <a rel=\"noreferrer noopener\" aria-label=\"atelier de restitution graphique (s\u2019ouvre dans un nouvel onglet)\" href=\"http:\/\/www.laab.fr\/journee-etude-2019-graphiste-commanditaire-developpeur\/\" target=\"_blank\">atelier de restitution graphique<\/a> des interventions r\u00e9unissant les \u00e9tudiant\u00b7e\u00b7s de la licence et du DSAA.<\/p>\n\n\n\n<ol class=\"wp-block-list\">\n<li> 13 oct. 2015 \u2014 \u00c9tienne Bernard (<a rel=\"noreferrer noopener\" aria-label=\"CAC Passerelle (s\u2019ouvre dans un nouvel onglet)\" href=\"http:\/\/www.cac-passerelle.com\/\" target=\"_blank\">CAC Passerelle<\/a>) sur l&rsquo;identit\u00e9 par <a rel=\"noreferrer noopener\" aria-label=\"Teschner Studio (s\u2019ouvre dans un nouvel onglet)\" href=\"http:\/\/teschner-sturacci.com\/\" target=\"_blank\">Teschner Studio<\/a>, studio graphique <a rel=\"noreferrer noopener\" aria-label=\"Brest Brest Brest (s\u2019ouvre dans un nouvel onglet)\" href=\"https:\/\/www.brestbrestbrest.fr\/\" target=\"_blank\">Brest Brest Brest<\/a>, Francis Voisin, <a rel=\"noreferrer noopener\" aria-label=\"Media Graphic (s\u2019ouvre dans un nouvel onglet)\" href=\"http:\/\/www.e-media-graphic.com\/\" target=\"_blank\">Media Graphic<\/a> (ex Impressions du Sagittaire) <\/li>\n\n\n\n<li> 19 oct. 2016 \u2014 Sophie Kaplan, (<a rel=\"noreferrer noopener\" aria-label=\"La Cri\u00e9e (s\u2019ouvre dans un nouvel onglet)\" href=\"https:\/\/www.la-criee.org\/fr\/\" target=\"_blank\">La Cri\u00e9e<\/a>) en dialogue avec Jocelyn Cottencin (<a rel=\"noreferrer noopener\" aria-label=\"Lieux Communs (s\u2019ouvre dans un nouvel onglet)\" href=\"http:\/\/www.lieuxcommuns.com\/\" target=\"_blank\">Lieux Communs<\/a>), <a rel=\"noreferrer noopener\" aria-label=\"Vincent Perrotet (s\u2019ouvre dans un nouvel onglet)\" href=\"https:\/\/vincentperrottet.com\/\" target=\"_blank\">Vincent Perrottet<\/a>, Jean-Yves Grandidier (<a rel=\"noreferrer noopener\" aria-label=\"L\u00e9zard Graphique (s\u2019ouvre dans un nouvel onglet)\" href=\"https:\/\/www.lezard-graphique.com\/\" target=\"_blank\">L\u00e9zard Graphique<\/a>) <\/li>\n\n\n\n<li> 18 oct. 2017\u2014 Arthur Nauzyciel (<a rel=\"noreferrer noopener\" aria-label=\"TNB (s\u2019ouvre dans un nouvel onglet)\" href=\"https:\/\/www.t-n-b.fr\/\" target=\"_blank\">TNB<\/a>), Michael Amzalag (<a rel=\"noreferrer noopener\" aria-label=\"M\/M Paris (s\u2019ouvre dans un nouvel onglet)\" href=\"https:\/\/www.mmparis.com\/\" target=\"_blank\">M\/M Paris<\/a>), <a rel=\"noreferrer noopener\" aria-label=\"Laurel Parker Book (s\u2019ouvre dans un nouvel onglet)\" href=\"https:\/\/www.laurelparkerbook.com\/fr\/\" target=\"_blank\">Laurel Parker Book<\/a> <\/li>\n\n\n\n<li> 17 oct. 2018 \u2014 Nolwen Bihan (<a rel=\"noreferrer noopener\" aria-label=\"TU (s\u2019ouvre dans un nouvel onglet)\" href=\"https:\/\/tunantes.fr\/\" target=\"_blank\">TU<\/a>), <a rel=\"noreferrer noopener\" aria-label=\"Jean-Marc Ball\u00e9e (s\u2019ouvre dans un nouvel onglet)\" href=\"https:\/\/www.jeanmarcballee.fr\/\" target=\"_blank\">Jean-Marc Ball\u00e9e<\/a>, \u00c9milie Rigaud (<a rel=\"noreferrer noopener\" aria-label=\"A is for fonts (s\u2019ouvre dans un nouvel onglet)\" href=\"https:\/\/aisforfonts.com\/fonts\" target=\"_blank\">A is for fonts<\/a>) <\/li>\n\n\n\n<li> 16 oct. 2019 \u2014 Yvan Poulain (<a rel=\"noreferrer noopener\" aria-label=\"La Cuisine (s\u2019ouvre dans un nouvel onglet)\" href=\"http:\/\/www.la-cuisine.fr\/\" target=\"_blank\">La Cuisine<\/a>) en dialogue avec Gaelle Sandr\u00e9 (<a rel=\"noreferrer noopener\" aria-label=\"Studio Rovo (s\u2019ouvre dans un nouvel onglet)\" href=\"https:\/\/www.rovo.fr\/\" target=\"_blank\">Studio Rovo<\/a>)<strong>, <\/strong><a rel=\"noreferrer noopener\" aria-label=\"Antonin Faurel (s\u2019ouvre dans un nouvel onglet)\" href=\"https:\/\/www.antoninfaurel.com\/\" target=\"_blank\">Antonin Faurel<\/a>, Kevin Donnot (<a rel=\"noreferrer noopener\" aria-label=\"E+K (s\u2019ouvre dans un nouvel onglet)\" href=\"http:\/\/www.e-k.fr\/\" target=\"_blank\">E+K<\/a>) <\/li>\n\n\n\n<li> 7 oct. 2020 \u2014 Alexandre Dimos (<a rel=\"noreferrer noopener\" aria-label=\"\u00c9ditions B42 (s\u2019ouvre dans un nouvel onglet)\" href=\"https:\/\/editions-b42.com\/\" target=\"_blank\">\u00c9ditions B42<\/a> et studio <a rel=\"noreferrer noopener\" aria-label=\"deValence (s\u2019ouvre dans un nouvel onglet)\" href=\"https:\/\/www.devalence.net\/\" target=\"_blank\">deValence<\/a>), <a rel=\"noreferrer noopener\" aria-label=\"Na Kim (s\u2019ouvre dans un nouvel onglet)\" href=\"http:\/\/ynkim.com\/\" target=\"_blank\">Na Kim<\/a>, <a rel=\"noreferrer noopener\" aria-label=\"Jack Usine (s\u2019ouvre dans un nouvel onglet)\" href=\"https:\/\/www.usine.name\/\" target=\"_blank\">Jack Usine<\/a> <\/li>\n\n\n\n<li>13 oct. 2021 \u2014 <a rel=\"noreferrer noopener\" href=\"https:\/\/regarderparlafenetre.fr\/\" target=\"_blank\">Vanina Pinter<\/a> et <a rel=\"noreferrer noopener\" href=\"https:\/\/eug\u00e9niebidaut.eu\" target=\"_blank\">Eug\u00e9nie Bidaut<\/a><\/li>\n\n\n\n<li>13 oct. 2022 \u2014 Camille Baudelaire et Olivia Grandperrin (<a href=\"https:\/\/www.atelierbaudelaire.com\/fr\" target=\"_blank\" rel=\"noreferrer noopener\">Atelier Baudelaire<\/a>), Elisabeth \u00c7at\u00e7oury (Rennes M\u00e9tropole), <a href=\"https:\/\/alexandrebassi.com\/\" target=\"_blank\" rel=\"noreferrer noopener\">Alexandre Bassi<\/a><\/li>\n\n\n\n<li>11 oct. 2023 \u2014 Caroll Mar\u00e9chal, Pierre Rodi\u00e8re (<a href=\"https:\/\/trafik.fr\/\" target=\"_blank\" rel=\"noreferrer noopener\">Trafik<\/a>), Jean-Roch Bouiller (<a href=\"https:\/\/mba.rennes.fr\/\" target=\"_blank\" rel=\"noreferrer noopener\">Mus\u00e9e des beaux-arts de Rennes<\/a>)<\/li>\n\n\n\n<li>9 oct. 2024 \u2014 Sophie Kaplan et Thibaut Aymonin (<a href=\"https:\/\/www.la-criee.org\/fr\/\" target=\"_blank\" rel=\"noreferrer noopener\">La Cri\u00e9e<\/a>), <a href=\"http:\/\/alias-sandi.fr\/\" target=\"_blank\" rel=\"noreferrer noopener\">Collectif Alias Sandy<\/a> (Camille Baroux, Marion Beaup\u00e8re, Zo\u00e9 Lecossois, Marion L\u2019Helguen), <a href=\"https:\/\/luuse.io\/\" target=\"_blank\" rel=\"noreferrer noopener\">Collectif Luuse<\/a> (\u00c9tienne Ozeray)<\/li>\n\n\n\n<li>15 oct. 2025 \u2014 <a href=\"https:\/\/camilledepalle.com\/\" target=\"_blank\" rel=\"noreferrer noopener\">Camille Depalle<\/a>, Charlotte Duchamp et Lisa Fouch\u00e9 (<a href=\"https:\/\/theatre-de-poche.com\/\" target=\"_blank\" rel=\"noreferrer noopener\">Th\u00e9\u00e2tre de Poche<\/a>, H\u00e9d\u00e9), Goulwen Plesse (SCOP <a href=\"http:\/\/www.e-media-graphic.com\/\" target=\"_blank\" rel=\"noreferrer noopener\">Media Graphic<\/a>)<\/li>\n<\/ol>\n\n\n\n<h3 class=\"wp-block-heading\">Histoire et enjeux du graphisme \u2013 16 h<\/h3>\n\n\n\n<p>Les CM sont pens\u00e9s et structur\u00e9s pour faire d\u00e9couvrir aux \u00e9tudiant\u00b7e\u00b7s des mouvements ou\/et p\u00e9riodes importantes du graphisme contemporain au travers d\u2019un pays. Chaque CM est construit avec une figure centrale contemporaine associ\u00e9e \u00e0 une figure historique. Deux contrepoints plus r\u00e9cents permettent alors d\u2019ouvrir sur des extensions en connexion avec la figure centrale ou en opposition. \u2014 <strong>Jocelyn Cottencin<\/strong><\/p>\n\n\n\n<pre class=\"wp-block-verse\"><strong>NL<\/strong>&#160;: Karel MARTENS, DE STIJL, EXPERIMENTAL JETSET, Richard NIESSEN&nbsp;\n<strong>USA<\/strong>&#160;: EMIGRE, VIGNELLI, CARSON, ED FELLA\n<strong>GB<\/strong>&#160;: FACTORY \/ PETER SAVILLE, 4AD \/ VAUGHAN OLIVER, WARP \/ DESIGNER REPUBLIC, KITSUN\u00c9 \/ AB\u00a8KE, GTF&nbsp;\n<\/pre>\n\n\n\n<h3 class=\"wp-block-heading\">Droits et statuts du graphiste \u2013 12 h<\/h3>\n\n\n\n<p>Mon cours de droit nous permettra d\u2019aborder les grands concepts de la propri\u00e9t\u00e9 intellectuelle afin de vous donner la possibilit\u00e9 de savoir \u00e0 partir de quand une \u0153uvre est prot\u00e9g\u00e9e au titre du droit d\u2019auteur, mais aussi de savoir quels sont vos droits et obligations.&nbsp;Devez-vous d\u00e9poser vos \u0153uvres&#160;? Sont-ce des \u0153uvres de collaboration ou des \u0153uvres collectives&#160;? Il y aura des bases \u00e0 rappeler pour vous permettre de conna\u00eetre vos droits et \u00eatre plus forts \u00e0 la table des n\u00e9gociations quand vous aurez \u00e0 n\u00e9gocier un contrat de cession. Beaucoup d\u2019auteurs et d\u2019autrices sont souvent signataires de contrats comportant des clauses qui n\u2019ont pas de valeur juridique faute d\u2019\u00eatre respectueuses du droit\u2026 Ce cours sera aussi l\u2019occasion de parler de votre statut et de votre activit\u00e9 professionnelle&#160;: savoir comment on fait tr\u00e8s concr\u00e8tement pour s\u2019installer, quelles d\u00e9marches sont \u00e0 mettre en \u0153uvre&#160;? Quelles formes d\u2019entreprises doit-on choisir&#160;? Quels r\u00e9gimes sociaux vous sont propos\u00e9s&#160;?&nbsp;Plus largement, c\u2019est un ensemble de questions larges sur la profession d\u2019artistes-auteurs que nous poserons&#160;: nous parlerons des r\u00e9centes r\u00e9formes qui sont intervenues pour \u201crenforcer\u201d la protection des auteurs et des autrices, nous dirons deux mots sur le rapport Racine et aborderons la question de l\u2019identit\u00e9 professionnelle d\u2019auteur et d\u2019autrice qui est en train d\u2019\u00e9merger en ce moment. J\u2019aurai le plaisir en tant que chercheur en droit d\u2019auteur et en droit social, mais aussi en tant que directrice g\u00e9n\u00e9rale de la Ligue des auteurs professionnels de partager avec vous une multitude de contentieux qui sont parfois le quotidien des cr\u00e9ateurs et cr\u00e9atrices.&nbsp;Et pour ceux et celles qui craignent le droit, qui en ont peur voire pire&#8230; permettez-moi de susciter votre curiosit\u00e9&#160;: ce cours sera l\u2019occasion de voir des extraits de films contrefaits et des extraits de films contrefaisants, d\u2019\u00e9couter de la bonne musique, de parler cuisine et des beaux yeux de Mich\u00e8le Morgan, de d\u00e9battre de la protection des \u0153uvres de Jul et de voir des images de Tintin nu\u2026 \u2014 <strong>St\u00e9phanie Le Cam<\/strong><\/p>\n\n\n\n<h3 class=\"wp-block-heading\">Approche des arts contemporains \u2013 20 h<\/h3>\n\n\n\n<p><em><strong>Ateliers populaires oui ateliers bourgeois non<\/strong><\/em>. Outre les gr\u00e8ves, manifestations et autres occupations, Mai 68 a fait na\u00eetre une forme d\u2019organisation graphique nouvelle&#160;: l\u2019atelier populaire. Pendant la s\u00e9ance on regardera comment se sont organis\u00e9s les quelque trente ateliers d\u2019affiches actifs pendant le printemps 1968, on s\u2019int\u00e9ressera \u00e0 ce qu\u2019ils disaient et \u00e9videmment aux nombreuses images qu\u2019ils produisaient. <em><strong>Propa, au-del\u00e0 des ateliers populaires<\/strong><\/em><strong>.<\/strong> \u00c0 la suite de l\u2019insurrection de 1968 de nombreux groupes ont continu\u00e9 \u00e0 produire des images politiques dans des cadres diff\u00e9rents&#160;: groupes militants, presse underground, syndicats d\u2019artistes, ou ateliers de graphistes professionnels. Pendant la s\u00e9ance on ira voir ce qui a fait suite aux ateliers populaires ou ce qui les accompagne. \u2014 <strong>Jil Daniel<\/strong><\/p>\n\n\n\n<p><em><strong>Livres et catalogues d&rsquo;artistes<\/strong><\/em><br>\u00c0 partir d&rsquo;une s\u00e9rie d&rsquo;exemples tant historiques qu&rsquo;actuels allant du livre d&rsquo;artiste au catalogue d&rsquo;exposition, ce cours permettra de d\u00e9couvrir la relation que les artistes plasticiens entretiennent avec le livre et les pratiques \u00e9ditoriales et celles et ceux qui les mettent en \u0153uvre&#160;: designers graphiques, imprimeurs, \u00e9diteurs&#8230; \u2014 <strong>Yann S\u00e9randour<\/strong> avec le <a rel=\"noreferrer noopener\" href=\"https:\/\/satellites.univ-rennes2.fr\/cabinet-livre-artiste\/wp\/\" target=\"_blank\">Cabinet du livre d&rsquo;artiste<\/a>, Universit\u00e9 Rennes 2.<\/p>\n\n\n\n<p><em><strong>Un art du vid\u00e9o-clip<\/strong><\/em><br>Si la naissance effective du vid\u00e9o-clip musical, comme forme identifi\u00e9e, peut \u00eatre situ\u00e9e en 1981, \u00e0 cette date le film musical est d\u00e9j\u00e0 fort d\u2019une longue histoire. En d\u00e9finissant, puis en remontant aux lointains anc\u00eatres de cette forme, ce cours s\u2019applique \u00e0 identifier ce qui, dans cette forme ambigu\u00eb, sujette \u00e0 une intrication forte des sph\u00e8res de l\u2019artistiques et du commercial, fait parfois de ces petits films un laboratoire d\u2019exp\u00e9rimentations plastiques et graphiques digne du plus grand int\u00e9r\u00eat. \u2014 <strong>Bruno \u00c9lisabeth<\/strong><\/p>\n","protected":false},"excerpt":{"rendered":"<p>Approches th\u00e9oriques&#160;: design graphique \u2013 20 h Ce cours propose d\u2019\u00e9tudier les relations du design aux \u00ab&#160;humanit\u00e9s num\u00e9riques&#160;\u00bb (digital humanities), c\u2019est-\u00e0-dire comment les environnements num\u00e9riques contemporains renouvellent et permettent de nouveaux modes\u2026<\/p>\n","protected":false},"author":1,"featured_media":0,"parent":83,"menu_order":0,"comment_status":"closed","ping_status":"closed","template":"","meta":{"footnotes":""},"class_list":["post-75","page","type-page","status-publish","hentry"],"_links":{"self":[{"href":"https:\/\/sites-formations.univ-rennes2.fr\/licence-pro-design-graphique-multimedia\/wp-json\/wp\/v2\/pages\/75","targetHints":{"allow":["GET"]}}],"collection":[{"href":"https:\/\/sites-formations.univ-rennes2.fr\/licence-pro-design-graphique-multimedia\/wp-json\/wp\/v2\/pages"}],"about":[{"href":"https:\/\/sites-formations.univ-rennes2.fr\/licence-pro-design-graphique-multimedia\/wp-json\/wp\/v2\/types\/page"}],"author":[{"embeddable":true,"href":"https:\/\/sites-formations.univ-rennes2.fr\/licence-pro-design-graphique-multimedia\/wp-json\/wp\/v2\/users\/1"}],"replies":[{"embeddable":true,"href":"https:\/\/sites-formations.univ-rennes2.fr\/licence-pro-design-graphique-multimedia\/wp-json\/wp\/v2\/comments?post=75"}],"version-history":[{"count":43,"href":"https:\/\/sites-formations.univ-rennes2.fr\/licence-pro-design-graphique-multimedia\/wp-json\/wp\/v2\/pages\/75\/revisions"}],"predecessor-version":[{"id":766,"href":"https:\/\/sites-formations.univ-rennes2.fr\/licence-pro-design-graphique-multimedia\/wp-json\/wp\/v2\/pages\/75\/revisions\/766"}],"up":[{"embeddable":true,"href":"https:\/\/sites-formations.univ-rennes2.fr\/licence-pro-design-graphique-multimedia\/wp-json\/wp\/v2\/pages\/83"}],"wp:attachment":[{"href":"https:\/\/sites-formations.univ-rennes2.fr\/licence-pro-design-graphique-multimedia\/wp-json\/wp\/v2\/media?parent=75"}],"curies":[{"name":"wp","href":"https:\/\/api.w.org\/{rel}","templated":true}]}}