{"id":595,"date":"2022-03-02T16:39:05","date_gmt":"2022-03-02T15:39:05","guid":{"rendered":"https:\/\/sites-formations.univ-rennes2.fr\/licence-pro-design-graphique-multimedia\/?page_id=595"},"modified":"2022-03-17T16:11:01","modified_gmt":"2022-03-17T15:11:01","slug":"les-equipements","status":"publish","type":"page","link":"https:\/\/sites-formations.univ-rennes2.fr\/licence-pro-design-graphique-multimedia\/les-equipements\/","title":{"rendered":"Les \u00e9quipements"},"content":{"rendered":"\n<p>La formation se d\u00e9roule sur deux sites sp\u00e9cifiquement \u00e9quip\u00e9s&#160;: le studio de cr\u00e9ation graphique du P\u00f4le Num\u00e9rique Rennes Villejean \u00e0 l\u2019universit\u00e9 Rennes 2 et les ateliers industries graphiques du Lyc\u00e9e professionnel Co\u00ebtlogon.<\/p>\n\n\n\n<h3 class=\"wp-block-heading\">Studio graphique<\/h3>\n\n\n\n<p>Le studio de cr\u00e9ation graphique de l&rsquo;universit\u00e9 est \u00e9quip\u00e9 d&rsquo;un mat\u00e9riel d&rsquo;atelier permettant aux \u00e9tudiant\u00b7e\u00b7s de la licence professionnelle de r\u00e9aliser des maquettes graphiques abouties. Outre les postes informatiques, il comprend notamment&#160;:<\/p>\n\n\n\n<ul class=\"wp-block-list\"><li>imprimante jet d&rsquo;encre couleur grand format 44&Prime; (HP Design Jet Z5600 PostScript)<\/li><li>copieur laser couleur A3 (HP Laserjet 700 color MFP M775)<\/li><li>plotter de d\u00e9coupe (Graphtec CE6000-40)<\/li><li>scanner art graphique A3+ (Epson Perfection Expression 12000XL)<\/li><li>scanner photo A4 (Epson Perfection V850 Pro)<\/li><li>scanner \u00e0 tambour virtuel (Hasselblad Flextight X1)<\/li><li>thermorelieur 320 mm pour petites s\u00e9ries (PB2000)<\/li><li>raineuse manuelle A3 (Cyklos GPM 320)<\/li><li>massicot \u00e9lectrique A3 (Ideal 4850)<\/li><li>cisaille d&rsquo;atelier 80 cm (Ideal 1080)<\/li><li>agrafeuse \u00e9lectrique (Rapid 105e)<\/li><li>agrafeuse manuelle de livrets (Novus B54\/3)<\/li><li>arrondisseur d&rsquo;angle (Stago ESM 20)<\/li><\/ul>\n\n\n\n<p>Dans le cadre de leur formation, les \u00e9tudiant\u00b7e\u00b7s ont \u00e9galement acc\u00e8s \u00e0 d&rsquo;autres \u00e9quipements situ\u00e9s sur le campus qui peuvent \u00eatre utilis\u00e9s dans le cadre des cours et des workshops ou en acc\u00e8s autonome.<\/p>\n\n\n\n<h3 class=\"wp-block-heading\"><a rel=\"noreferrer noopener\" href=\"https:\/\/edulab.univ-rennes2.fr\" target=\"_blank\">Edulab<\/a><\/h3>\n\n\n\n<p>L\u2019Edulab est le fablab de l\u2019Universit\u00e9 Rennes 2. C&rsquo;est un espace d\u00e9di\u00e9 \u00e0 la fabrication num\u00e9rique. Il permet l\u2019utilisation et l\u2019exp\u00e9rimentation de machines et techniques num\u00e9riques dans le cadre de projets universitaires, individuels ou associatifs.<br>Les \u00e9quipements&#160;: d\u00e9coupeuse laser Trotec Speedy 400, imprimantes 3D, scanner 3D, d\u00e9coupeuse vinyle, machine \u00e0 badge, kit Arduino, kit Raspberry<\/p>\n\n\n\n<h3 class=\"wp-block-heading\">Studios de prise de vue et emprunt de mat\u00e9riel photo et vid\u00e9o<\/h3>\n\n\n\n<p>Deux plateaux \u00e9quip\u00e9s pour la prise de vue photographique et la captation vid\u00e9o sont r\u00e9servables par les \u00e9tudiant\u00b7e\u00b7s (cyclo et fonds, mandarines, flashs, r\u00e9flecteurs&#8230;). La r\u00e9servation et l\u2019emprunt du mat\u00e9riel photo et vid\u00e9o s&rsquo;effectue au centre de pr\u00eat du Cr\u00e9a.<\/p>\n\n\n\n<h3 class=\"wp-block-heading\">Atelier s\u00e9rigraphie<\/h3>\n\n\n\n<h3 class=\"wp-block-heading\">Atelier gravure<\/h3>\n\n\n\n<h3 class=\"wp-block-heading\">Laboratoire photographie argentique<\/h3>\n","protected":false},"excerpt":{"rendered":"<p>La formation se d\u00e9roule sur deux sites sp\u00e9cifiquement \u00e9quip\u00e9s&#160;: le studio de cr\u00e9ation graphique du P\u00f4le Num\u00e9rique Rennes Villejean \u00e0 l\u2019universit\u00e9 Rennes 2 et les ateliers industries graphiques du Lyc\u00e9e professionnel Co\u00ebtlogon.\u2026<\/p>\n","protected":false},"author":3,"featured_media":0,"parent":0,"menu_order":0,"comment_status":"closed","ping_status":"closed","template":"","meta":{"footnotes":""},"class_list":["post-595","page","type-page","status-publish","hentry"],"_links":{"self":[{"href":"https:\/\/sites-formations.univ-rennes2.fr\/licence-pro-design-graphique-multimedia\/wp-json\/wp\/v2\/pages\/595","targetHints":{"allow":["GET"]}}],"collection":[{"href":"https:\/\/sites-formations.univ-rennes2.fr\/licence-pro-design-graphique-multimedia\/wp-json\/wp\/v2\/pages"}],"about":[{"href":"https:\/\/sites-formations.univ-rennes2.fr\/licence-pro-design-graphique-multimedia\/wp-json\/wp\/v2\/types\/page"}],"author":[{"embeddable":true,"href":"https:\/\/sites-formations.univ-rennes2.fr\/licence-pro-design-graphique-multimedia\/wp-json\/wp\/v2\/users\/3"}],"replies":[{"embeddable":true,"href":"https:\/\/sites-formations.univ-rennes2.fr\/licence-pro-design-graphique-multimedia\/wp-json\/wp\/v2\/comments?post=595"}],"version-history":[{"count":15,"href":"https:\/\/sites-formations.univ-rennes2.fr\/licence-pro-design-graphique-multimedia\/wp-json\/wp\/v2\/pages\/595\/revisions"}],"predecessor-version":[{"id":620,"href":"https:\/\/sites-formations.univ-rennes2.fr\/licence-pro-design-graphique-multimedia\/wp-json\/wp\/v2\/pages\/595\/revisions\/620"}],"wp:attachment":[{"href":"https:\/\/sites-formations.univ-rennes2.fr\/licence-pro-design-graphique-multimedia\/wp-json\/wp\/v2\/media?parent=595"}],"curies":[{"name":"wp","href":"https:\/\/api.w.org\/{rel}","templated":true}]}}

Les équipements

<p>La formation se déroule sur deux sites spécifiquement équipés&#160;: le studio de création graphique du Pôle Numérique Rennes Villejean à l’université Rennes 2 et les ateliers industries graphiques du Lycée professionnel Coëtlogon.</p>



<h3 class="wp-block-heading">Studio graphique</h3>



<p>Le studio de création graphique de l&rsquo;université est équipé d&rsquo;un matériel d&rsquo;atelier permettant aux étudiant·e·s de la licence professionnelle de réaliser des maquettes graphiques abouties. Outre les postes informatiques, il comprend notamment&#160;:</p>



<ul class="wp-block-list"><li>imprimante jet d&rsquo;encre couleur grand format 44&Prime; (HP Design Jet Z5600 PostScript)</li><li>copieur laser couleur A3 (HP Laserjet 700 color MFP M775)</li><li>plotter de découpe (Graphtec CE6000-40)</li><li>scanner art graphique A3+ (Epson Perfection Expression 12000XL)</li><li>scanner photo A4 (Epson Perfection V850 Pro)</li><li>scanner à tambour virtuel (Hasselblad Flextight X1)</li><li>thermorelieur 320 mm pour petites séries (PB2000)</li><li>raineuse manuelle A3 (Cyklos GPM 320)</li><li>massicot électrique A3 (Ideal 4850)</li><li>cisaille d&rsquo;atelier 80 cm (Ideal 1080)</li><li>agrafeuse électrique (Rapid 105e)</li><li>agrafeuse manuelle de livrets (Novus B54/3)</li><li>arrondisseur d&rsquo;angle (Stago ESM 20)</li></ul>



<p>Dans le cadre de leur formation, les étudiant·e·s ont également accès à d&rsquo;autres équipements situés sur le campus qui peuvent être utilisés dans le cadre des cours et des workshops ou en accès autonome.</p>



<h3 class="wp-block-heading"><a rel="noreferrer noopener" href="https://edulab.univ-rennes2.fr" target="_blank">Edulab</a></h3>



<p>L’Edulab est le fablab de l’Université Rennes 2. C&rsquo;est un espace dédié à la fabrication numérique. Il permet l’utilisation et l’expérimentation de machines et techniques numériques dans le cadre de projets universitaires, individuels ou associatifs.<br>Les équipements&#160;: découpeuse laser Trotec Speedy 400, imprimantes 3D, scanner 3D, découpeuse vinyle, machine à badge, kit Arduino, kit Raspberry</p>



<h3 class="wp-block-heading">Studios de prise de vue et emprunt de matériel photo et vidéo</h3>



<p>Deux plateaux équipés pour la prise de vue photographique et la captation vidéo sont réservables par les étudiant·e·s (cyclo et fonds, mandarines, flashs, réflecteurs&#8230;). La réservation et l’emprunt du matériel photo et vidéo s&rsquo;effectue au centre de prêt du Créa.</p>



<h3 class="wp-block-heading">Atelier sérigraphie</h3>



<h3 class="wp-block-heading">Atelier gravure</h3>



<h3 class="wp-block-heading">Laboratoire photographie argentique</h3>

<p>La formation se déroule sur deux sites spécifiquement équipés&#160;: le studio de création graphique du Pôle Numérique Rennes Villejean à l’université Rennes 2 et les ateliers industries graphiques du Lycée professionnel Coëtlogon.…</p>
