{"id":184,"date":"2021-02-09T19:55:00","date_gmt":"2021-02-09T18:55:00","guid":{"rendered":"https:\/\/sites-formations.univ-rennes2.fr\/licence-pro-design-graphique-multimedia\/?page_id=184"},"modified":"2021-02-12T15:34:38","modified_gmt":"2021-02-12T14:34:38","slug":"stage","status":"publish","type":"page","link":"https:\/\/sites-formations.univ-rennes2.fr\/licence-pro-design-graphique-multimedia\/stage\/","title":{"rendered":"Le stage"},"content":{"rendered":"\n<p>Le stage est un \u00e9l\u00e9ment d\u00e9terminant et strat\u00e9gique de la formation.  L\u2019\u00e9tudiant\u00b7e doit r\u00e9aliser douze semaines en entreprise dans des studios  graphiques ou agences de communication. Les stages doivent se d\u00e9rouler  sous la tutelle d\u2019un\u00b7e designer et peuvent se d\u00e9rouler en France ou \u00e0 l&rsquo;\u00e9tranger. Un enseignant r\u00e9f\u00e9rent et le <a rel=\"noreferrer noopener\" aria-label=\"bureau des stages (s\u2019ouvre dans un nouvel onglet)\" href=\"https:\/\/www.univ-rennes2.fr\/formation\/contrat-alternance-stages\" target=\"_blank\">secr\u00e9tariat des stages<\/a> de l&rsquo;universit\u00e9 peuvent accompagner les \u00e9tudiant\u00b7e\u00b7s dans leurs recherches de stage gr\u00e2ce \u00e0 un r\u00e9pertoire d&rsquo;entreprises ayant d\u00e9j\u00e0 accueilli des \u00e9tudiant\u00b7e\u00b7s de la formation.<\/p>\n\n\n\n<p>Certain\u00b7e\u00b7s \u00e9tudiant\u00b7e\u00b7s profitent de cette p\u00e9riode pour avoir une  exp\u00e9rience \u00e0 la fois en agence de communication et dans des  ateliers graphiques ind\u00e9pendants, en partageant leurs douze semaines en deux.<\/p>\n\n\n\n<p>Un rapport de stage est demand\u00e9 et \u00e9valu\u00e9 en fin d&rsquo;ann\u00e9e. Le rapport de stage doit \u00eatre un objet \u00e9ditorial cr\u00e9atif et ma\u00eetris\u00e9. Cette \u00e9dition imprim\u00e9e ou num\u00e9rique traduit d\u2019une mani\u00e8re personnelle et audacieuse l&rsquo;exp\u00e9rience de travail qui a \u00e9t\u00e9 v\u00e9cue par chaque \u00e9tudiant\u00b7e.<\/p>\n\n\n\n<figure class=\"wp-block-image\"><img loading=\"lazy\" decoding=\"async\" width=\"1440\" height=\"1440\" src=\"https:\/\/sites-formations.univ-rennes2.fr\/licence-pro-design-graphique-multimedia\/wp-content\/uploads\/2021\/01\/IMG_2787-1440x1440.jpg\" alt=\"\" class=\"wp-image-164\" srcset=\"https:\/\/sites-formations.univ-rennes2.fr\/licence-pro-design-graphique-multimedia\/wp-content\/uploads\/2021\/01\/IMG_2787-1440x1440.jpg 1440w, https:\/\/sites-formations.univ-rennes2.fr\/licence-pro-design-graphique-multimedia\/wp-content\/uploads\/2021\/01\/IMG_2787-300x300.jpg 300w, https:\/\/sites-formations.univ-rennes2.fr\/licence-pro-design-graphique-multimedia\/wp-content\/uploads\/2021\/01\/IMG_2787-640x640.jpg 640w, https:\/\/sites-formations.univ-rennes2.fr\/licence-pro-design-graphique-multimedia\/wp-content\/uploads\/2021\/01\/IMG_2787-768x768.jpg 768w, https:\/\/sites-formations.univ-rennes2.fr\/licence-pro-design-graphique-multimedia\/wp-content\/uploads\/2021\/01\/IMG_2787.jpg 1512w\" sizes=\"auto, (max-width: 1440px) 100vw, 1440px\" \/><\/figure>\n","protected":false},"excerpt":{"rendered":"<p>Le stage est un \u00e9l\u00e9ment d\u00e9terminant et strat\u00e9gique de la formation. L\u2019\u00e9tudiant\u00b7e doit r\u00e9aliser douze semaines en entreprise dans des studios graphiques ou agences de communication. Les stages doivent se d\u00e9rouler sous\u2026<\/p>\n","protected":false},"author":4,"featured_media":0,"parent":0,"menu_order":0,"comment_status":"closed","ping_status":"closed","template":"","meta":{"footnotes":""},"class_list":["post-184","page","type-page","status-publish","hentry"],"_links":{"self":[{"href":"https:\/\/sites-formations.univ-rennes2.fr\/licence-pro-design-graphique-multimedia\/wp-json\/wp\/v2\/pages\/184","targetHints":{"allow":["GET"]}}],"collection":[{"href":"https:\/\/sites-formations.univ-rennes2.fr\/licence-pro-design-graphique-multimedia\/wp-json\/wp\/v2\/pages"}],"about":[{"href":"https:\/\/sites-formations.univ-rennes2.fr\/licence-pro-design-graphique-multimedia\/wp-json\/wp\/v2\/types\/page"}],"author":[{"embeddable":true,"href":"https:\/\/sites-formations.univ-rennes2.fr\/licence-pro-design-graphique-multimedia\/wp-json\/wp\/v2\/users\/4"}],"replies":[{"embeddable":true,"href":"https:\/\/sites-formations.univ-rennes2.fr\/licence-pro-design-graphique-multimedia\/wp-json\/wp\/v2\/comments?post=184"}],"version-history":[{"count":11,"href":"https:\/\/sites-formations.univ-rennes2.fr\/licence-pro-design-graphique-multimedia\/wp-json\/wp\/v2\/pages\/184\/revisions"}],"predecessor-version":[{"id":404,"href":"https:\/\/sites-formations.univ-rennes2.fr\/licence-pro-design-graphique-multimedia\/wp-json\/wp\/v2\/pages\/184\/revisions\/404"}],"wp:attachment":[{"href":"https:\/\/sites-formations.univ-rennes2.fr\/licence-pro-design-graphique-multimedia\/wp-json\/wp\/v2\/media?parent=184"}],"curies":[{"name":"wp","href":"https:\/\/api.w.org\/{rel}","templated":true}]}}

<p>Le stage est un élément déterminant et stratégique de la formation.  L’étudiant·e doit réaliser douze semaines en entreprise dans des studios  graphiques ou agences de communication. Les stages doivent se dérouler  sous la tutelle d’un·e designer et peuvent se dérouler en France ou à l&rsquo;étranger. Un enseignant référent et le <a rel="noreferrer noopener" aria-label="bureau des stages (s’ouvre dans un nouvel onglet)" href="https://www.univ-rennes2.fr/formation/contrat-alternance-stages" target="_blank">secrétariat des stages</a> de l&rsquo;université peuvent accompagner les étudiant·e·s dans leurs recherches de stage grâce à un répertoire d&rsquo;entreprises ayant déjà accueilli des étudiant·e·s de la formation.</p>



<p>Certain·e·s étudiant·e·s profitent de cette période pour avoir une  expérience à la fois en agence de communication et dans des  ateliers graphiques indépendants, en partageant leurs douze semaines en deux.</p>



<p>Un rapport de stage est demandé et évalué en fin d&rsquo;année. Le rapport de stage doit être un objet éditorial créatif et maîtrisé. Cette édition imprimée ou numérique traduit d’une manière personnelle et audacieuse l&rsquo;expérience de travail qui a été vécue par chaque étudiant·e.</p>



<figure class="wp-block-image"><img loading="lazy" decoding="async" width="1440" height="1440" src="https://sites-formations.univ-rennes2.fr/licence-pro-design-graphique-multimedia/wp-content/uploads/2021/01/IMG_2787-1440x1440.jpg" alt="" class="wp-image-164" srcset="https://sites-formations.univ-rennes2.fr/licence-pro-design-graphique-multimedia/wp-content/uploads/2021/01/IMG_2787-1440x1440.jpg 1440w, https://sites-formations.univ-rennes2.fr/licence-pro-design-graphique-multimedia/wp-content/uploads/2021/01/IMG_2787-300x300.jpg 300w, https://sites-formations.univ-rennes2.fr/licence-pro-design-graphique-multimedia/wp-content/uploads/2021/01/IMG_2787-640x640.jpg 640w, https://sites-formations.univ-rennes2.fr/licence-pro-design-graphique-multimedia/wp-content/uploads/2021/01/IMG_2787-768x768.jpg 768w, https://sites-formations.univ-rennes2.fr/licence-pro-design-graphique-multimedia/wp-content/uploads/2021/01/IMG_2787.jpg 1512w" sizes="auto, (max-width: 1440px) 100vw, 1440px" /></figure>

<p>Le stage est un élément déterminant et stratégique de la formation. L’étudiant·e doit réaliser douze semaines en entreprise dans des studios graphiques ou agences de communication. Les stages doivent se dérouler sous…</p>
