{"id":182,"date":"2021-02-09T19:54:32","date_gmt":"2021-02-09T18:54:32","guid":{"rendered":"https:\/\/sites-formations.univ-rennes2.fr\/licence-pro-design-graphique-multimedia\/?page_id=182"},"modified":"2026-03-03T08:35:27","modified_gmt":"2026-03-03T07:35:27","slug":"anglais","status":"publish","type":"page","link":"https:\/\/sites-formations.univ-rennes2.fr\/licence-pro-design-graphique-multimedia\/anglais\/","title":{"rendered":"Anglais"},"content":{"rendered":"\n<p>L\u2019objectif g\u00e9n\u00e9ral du cours d\u2019anglais est d\u2019approfondir la connaissance du lexique du domaine du design graphique tout en d\u00e9veloppant plus particuli\u00e8rement la comp\u00e9tence orale (compr\u00e9hension et production). Les th\u00e9matiques abord\u00e9es sont les suivantes&#160;: le m\u00e9tier de designer graphique, la psychologie des couleurs, le design de couverture de livres et la pr\u00e9sentation de projet. \u2014 <strong><strong>Taylor Still<\/strong><\/strong><\/p>\n","protected":false},"excerpt":{"rendered":"<p>L\u2019objectif g\u00e9n\u00e9ral du cours d\u2019anglais est d\u2019approfondir la connaissance du lexique du domaine du design graphique tout en d\u00e9veloppant plus particuli\u00e8rement la comp\u00e9tence orale (compr\u00e9hension et production). Les th\u00e9matiques abord\u00e9es sont les\u2026<\/p>\n","protected":false},"author":4,"featured_media":0,"parent":0,"menu_order":0,"comment_status":"closed","ping_status":"closed","template":"","meta":{"footnotes":""},"class_list":["post-182","page","type-page","status-publish","hentry"],"_links":{"self":[{"href":"https:\/\/sites-formations.univ-rennes2.fr\/licence-pro-design-graphique-multimedia\/wp-json\/wp\/v2\/pages\/182","targetHints":{"allow":["GET"]}}],"collection":[{"href":"https:\/\/sites-formations.univ-rennes2.fr\/licence-pro-design-graphique-multimedia\/wp-json\/wp\/v2\/pages"}],"about":[{"href":"https:\/\/sites-formations.univ-rennes2.fr\/licence-pro-design-graphique-multimedia\/wp-json\/wp\/v2\/types\/page"}],"author":[{"embeddable":true,"href":"https:\/\/sites-formations.univ-rennes2.fr\/licence-pro-design-graphique-multimedia\/wp-json\/wp\/v2\/users\/4"}],"replies":[{"embeddable":true,"href":"https:\/\/sites-formations.univ-rennes2.fr\/licence-pro-design-graphique-multimedia\/wp-json\/wp\/v2\/comments?post=182"}],"version-history":[{"count":4,"href":"https:\/\/sites-formations.univ-rennes2.fr\/licence-pro-design-graphique-multimedia\/wp-json\/wp\/v2\/pages\/182\/revisions"}],"predecessor-version":[{"id":794,"href":"https:\/\/sites-formations.univ-rennes2.fr\/licence-pro-design-graphique-multimedia\/wp-json\/wp\/v2\/pages\/182\/revisions\/794"}],"wp:attachment":[{"href":"https:\/\/sites-formations.univ-rennes2.fr\/licence-pro-design-graphique-multimedia\/wp-json\/wp\/v2\/media?parent=182"}],"curies":[{"name":"wp","href":"https:\/\/api.w.org\/{rel}","templated":true}]}}

<p>L’objectif général du cours d’anglais est d’approfondir la connaissance du lexique du domaine du design graphique tout en développant plus particulièrement la compétence orale (compréhension et production). Les thématiques abordées sont les suivantes&#160;: le métier de designer graphique, la psychologie des couleurs, le design de couverture de livres et la présentation de projet. — <strong><strong>Taylor Still</strong></strong></p>

<p>L’objectif général du cours d’anglais est d’approfondir la connaissance du lexique du domaine du design graphique tout en développant plus particulièrement la compétence orale (compréhension et production). Les thématiques abordées sont les…</p>
