{"id":180,"date":"2021-02-09T19:55:03","date_gmt":"2021-02-09T18:55:03","guid":{"rendered":"https:\/\/sites-formations.univ-rennes2.fr\/licence-pro-design-graphique-multimedia\/?page_id=180"},"modified":"2025-12-16T22:32:29","modified_gmt":"2025-12-16T21:32:29","slug":"workshops","status":"publish","type":"page","link":"https:\/\/sites-formations.univ-rennes2.fr\/licence-pro-design-graphique-multimedia\/workshops\/","title":{"rendered":"Les workshops"},"content":{"rendered":"\n<figure class=\"wp-block-gallery has-nested-images columns-default is-cropped wp-block-gallery-1 is-layout-flex wp-block-gallery-is-layout-flex\">\n<figure class=\"wp-block-image size-large\"><img loading=\"lazy\" decoding=\"async\" width=\"1440\" height=\"1409\" data-id=\"260\" src=\"https:\/\/sites-formations.univ-rennes2.fr\/licence-pro-design-graphique-multimedia\/wp-content\/uploads\/2021\/02\/IMG_3009mod-1440x1409.jpg\" alt=\"\" class=\"wp-image-260\" srcset=\"https:\/\/sites-formations.univ-rennes2.fr\/licence-pro-design-graphique-multimedia\/wp-content\/uploads\/2021\/02\/IMG_3009mod-1440x1409.jpg 1440w, https:\/\/sites-formations.univ-rennes2.fr\/licence-pro-design-graphique-multimedia\/wp-content\/uploads\/2021\/02\/IMG_3009mod-640x626.jpg 640w, https:\/\/sites-formations.univ-rennes2.fr\/licence-pro-design-graphique-multimedia\/wp-content\/uploads\/2021\/02\/IMG_3009mod-768x752.jpg 768w\" sizes=\"auto, (max-width: 1440px) 100vw, 1440px\" \/><figcaption class=\"wp-element-caption\">Worshop avec Lucille Bataille du studio Structure B\u00e2tons&#160;: r\u00e9alisation de normographes <br>pour d\u00e9velopper des projets typographiques <\/figcaption><\/figure>\n\n\n\n<figure class=\"wp-block-image size-large\"><img loading=\"lazy\" decoding=\"async\" width=\"1018\" height=\"1440\" data-id=\"637\" src=\"https:\/\/sites-formations.univ-rennes2.fr\/licence-pro-design-graphique-multimedia\/wp-content\/uploads\/2023\/02\/1.-photoshop_1-1018x1440.jpg\" alt=\"\" class=\"wp-image-637\" srcset=\"https:\/\/sites-formations.univ-rennes2.fr\/licence-pro-design-graphique-multimedia\/wp-content\/uploads\/2023\/02\/1.-photoshop_1-1018x1440.jpg 1018w, https:\/\/sites-formations.univ-rennes2.fr\/licence-pro-design-graphique-multimedia\/wp-content\/uploads\/2023\/02\/1.-photoshop_1-452x640.jpg 452w, https:\/\/sites-formations.univ-rennes2.fr\/licence-pro-design-graphique-multimedia\/wp-content\/uploads\/2023\/02\/1.-photoshop_1-768x1086.jpg 768w, https:\/\/sites-formations.univ-rennes2.fr\/licence-pro-design-graphique-multimedia\/wp-content\/uploads\/2023\/02\/1.-photoshop_1-1086x1536.jpg 1086w, https:\/\/sites-formations.univ-rennes2.fr\/licence-pro-design-graphique-multimedia\/wp-content\/uploads\/2023\/02\/1.-photoshop_1-1448x2048.jpg 1448w, https:\/\/sites-formations.univ-rennes2.fr\/licence-pro-design-graphique-multimedia\/wp-content\/uploads\/2023\/02\/1.-photoshop_1-scaled.jpg 1810w\" sizes=\"auto, (max-width: 1018px) 100vw, 1018px\" \/><figcaption class=\"wp-element-caption\">Workshop Luuse \u00ab&#160;Au fil de l&rsquo;eau&#160;\u00bb.Un fichier num\u00e9rique prend une multitude de formes. Il \u00ab&#160;p\u00e8se&#160;\u00bb, se \u00ab&#160;t\u00e9l\u00e9charge&#160;\u00bb, \u00ab&#160;s&rsquo;upload&#160;\u00bb, se \u00ab&#160;supprime&#160;\u00bb, \u00ab&#160;s&rsquo;\u00e9crit&#160;\u00bb, \u00ab&#160;rentre en conflit&#160;\u00bb, etc. En partant du texte de Kenneth Goldsmith qui tisse un lien entre les diff\u00e9rents \u00e9tats de l&rsquo;eau d\u00e9crits par James Joyce et cette \u00e9cologie du num\u00e9rique, nous allons tenter, durant ces quelques jours ensemble, d&rsquo;\u00e9prouver ces transformations <br>et d&rsquo;en rendre compte.<\/figcaption><\/figure>\n\n\n\n<figure class=\"wp-block-image size-large\"><img loading=\"lazy\" decoding=\"async\" width=\"9920\" height=\"14032\" data-id=\"646\" src=\"https:\/\/sites-formations.univ-rennes2.fr\/licence-pro-design-graphique-multimedia\/wp-content\/uploads\/2023\/02\/etape3-BISBIS.jpg\" alt=\"\" class=\"wp-image-646\"\/><figcaption class=\"wp-element-caption\">Workshop Luuse \u00ab&#160;Au fil de l&rsquo;eau&#160;\u00bb<\/figcaption><\/figure>\n<\/figure>\n\n\n\n<p>Les workshops sont des temps particuliers, qui permettent aux \u00e9tudiant\u00b7es de rencontrer des professionnel\u00b7les engag\u00e9\u00b7es dans un travail graphique exigeant. Chaque ann\u00e9e, nous invitons des studios, des collectifs, des graphistes et typographes actifs sur la sc\u00e8ne graphique fran\u00e7aise.<\/p>\n\n\n\n<h3 class=\"wp-block-heading\">Un workshop d&rsquo;int\u00e9gration \u2013 20 h<\/h3>\n\n\n\n<p>En d\u00e9but d&rsquo;ann\u00e9e, tous\u00b7tes les \u00e9tudiant\u00b7es de la formation sont rassembl\u00e9\u00b7es dans un workshop intensif de trois jours encadr\u00e9 par deux designers graphiques ou typographes invit\u00e9\u00b7es.<\/p>\n\n\n\n<p><br>Intervenant\u00b7es des derni\u00e8res ann\u00e9es&#160;: \u00c9milie Rigaud (<a href=\"https:\/\/aisforfonts.com\/\" target=\"_blank\" rel=\"noreferrer noopener\">A is for fonts<\/a>), <a aria-label=\"Vincent Desclaux (s\u2019ouvre dans un nouvel onglet)\" href=\"http:\/\/vdesclaux.com\/\" target=\"_blank\" rel=\"noreferrer noopener\">Vincent Desclaux<\/a>, <a href=\"https:\/\/anrt-nancy.fr\/anrt-22\/fr\/journal\/e-encodage-elymaique-epigraphie\" target=\"_blank\" rel=\"noreferrer noopener\">Morgane Pierson<\/a>, Vincent Campagna<\/p>\n\n\n\n<h3 class=\"wp-block-heading\">Deux workshops de cr\u00e9ation \u2013 2 \u00d7 40 h<\/h3>\n\n\n\n<p>Durant six jours, les \u00e9tudiant\u00b7es r\u00e9alisent un projet \u00e0 partir d\u2019un sujet propos\u00e9 par un\u00b7e intervenant\u00b7e invit\u00e9\u00b7e<\/p>\n\n\n\n<p>Intervenant\u00b7es des derni\u00e8res ann\u00e9es&#160;: <a href=\"https:\/\/www.formes-vives.org\" target=\"_blank\" rel=\"noreferrer noopener\">Formes Vives<\/a>, Lucile Bataille (<a href=\"https:\/\/www.b-a-t-o-n-s.fr\/\" target=\"_blank\" rel=\"noreferrer noopener\">Structure B\u00e2tons<\/a>), <a href=\"https:\/\/s-y-n-d-i-c-a-t.eu\/\" target=\"_blank\" rel=\"noreferrer noopener\">Syndicat<\/a>, <a href=\"https:\/\/www.g-u-i.net\/\" target=\"_blank\" rel=\"noreferrer noopener\">G.U.I.<\/a>, <a href=\"https:\/\/www.antoninfaurel.com\/\" target=\"_blank\" rel=\"noreferrer noopener\">Antonin Faurel<\/a>, <a href=\"https:\/\/www.charlesvilla.fr\" target=\"_blank\" rel=\"noreferrer noopener\">Charles Villa<\/a>, <a href=\"https:\/\/benoitb.studio\/\" target=\"_blank\" rel=\"noreferrer noopener\">Benoit B\u00f6hnke<\/a>, J\u00e9r\u00e9my Alglave (<a href=\"https:\/\/polysemique.fr\/\" target=\"_blank\" rel=\"noreferrer noopener\">Polys\u00e9mique<\/a>), <a href=\"https:\/\/www.instagram.com\/roxannemaillet\/\" target=\"_blank\" rel=\"noreferrer noopener\">Roxanne Maillet<\/a>, Olivia Grandperrin (<a href=\"https:\/\/www.atelierbaudelaire.com\" target=\"_blank\" rel=\"noreferrer noopener\">atelier Baudelaire<\/a>) <a href=\"http:\/\/www.luuse.io\/\" target=\"_blank\" rel=\"noreferrer noopener\">Luuse<\/a>, <a href=\"https:\/\/atelier-temeraire.tumblr.com\/\" target=\"_blank\" rel=\"noreferrer noopener\">Atelier T\u00e9m\u00e9raire<\/a>, <a href=\"https:\/\/www.eddyterki.fr\/index\" target=\"_blank\" rel=\"noreferrer noopener\">Eddy Terki<\/a>&#8230;<\/p>\n\n\n\n<h3 class=\"wp-block-heading\">Un workshop technique \u2013 27 h<\/h3>\n\n\n\n<p>Durant quatre jours, un\u00b7e designer propose un sujet qui permet de travailler une technique sp\u00e9cifique en lien avec le d\u00e9veloppement d\u2019un projet de design graphique&#160;: code, <em>motion design<\/em>, <em>Processing<\/em>, reliure et fa\u00e7onnage&#8230;<\/p>\n\n\n\n<p>Intervenant\u00b7es des derni\u00e8res ann\u00e9es&#160;: <a href=\"https:\/\/www.laurelparkerbook.com\/\" target=\"_blank\" rel=\"noreferrer noopener\">Laurel Parker<\/a>, Simon Higelin, Vincent Campagna<\/p>\n","protected":false},"excerpt":{"rendered":"<p>Les workshops sont des temps particuliers, qui permettent aux \u00e9tudiant\u00b7es de rencontrer des professionnel\u00b7les engag\u00e9\u00b7es dans un travail graphique exigeant. Chaque ann\u00e9e, nous invitons des studios, des collectifs, des graphistes et typographes\u2026<\/p>\n","protected":false},"author":2,"featured_media":0,"parent":0,"menu_order":0,"comment_status":"closed","ping_status":"closed","template":"","meta":{"footnotes":""},"class_list":["post-180","page","type-page","status-publish","hentry"],"_links":{"self":[{"href":"https:\/\/sites-formations.univ-rennes2.fr\/licence-pro-design-graphique-multimedia\/wp-json\/wp\/v2\/pages\/180","targetHints":{"allow":["GET"]}}],"collection":[{"href":"https:\/\/sites-formations.univ-rennes2.fr\/licence-pro-design-graphique-multimedia\/wp-json\/wp\/v2\/pages"}],"about":[{"href":"https:\/\/sites-formations.univ-rennes2.fr\/licence-pro-design-graphique-multimedia\/wp-json\/wp\/v2\/types\/page"}],"author":[{"embeddable":true,"href":"https:\/\/sites-formations.univ-rennes2.fr\/licence-pro-design-graphique-multimedia\/wp-json\/wp\/v2\/users\/2"}],"replies":[{"embeddable":true,"href":"https:\/\/sites-formations.univ-rennes2.fr\/licence-pro-design-graphique-multimedia\/wp-json\/wp\/v2\/comments?post=180"}],"version-history":[{"count":29,"href":"https:\/\/sites-formations.univ-rennes2.fr\/licence-pro-design-graphique-multimedia\/wp-json\/wp\/v2\/pages\/180\/revisions"}],"predecessor-version":[{"id":768,"href":"https:\/\/sites-formations.univ-rennes2.fr\/licence-pro-design-graphique-multimedia\/wp-json\/wp\/v2\/pages\/180\/revisions\/768"}],"wp:attachment":[{"href":"https:\/\/sites-formations.univ-rennes2.fr\/licence-pro-design-graphique-multimedia\/wp-json\/wp\/v2\/media?parent=180"}],"curies":[{"name":"wp","href":"https:\/\/api.w.org\/{rel}","templated":true}]}}