{"id":177,"date":"2021-02-09T19:54:57","date_gmt":"2021-02-09T18:54:57","guid":{"rendered":"https:\/\/sites-formations.univ-rennes2.fr\/licence-pro-design-graphique-multimedia\/?page_id=177"},"modified":"2025-12-15T15:20:16","modified_gmt":"2025-12-15T14:20:16","slug":"projet-tutore-et-memoire","status":"publish","type":"page","link":"https:\/\/sites-formations.univ-rennes2.fr\/licence-pro-design-graphique-multimedia\/projet-tutore-et-memoire\/","title":{"rendered":"Projet tutor\u00e9 et recherche documentaire"},"content":{"rendered":"\n<p>Le projet personnel offre la possibilit\u00e9 \u00e0 l\u2019\u00e9tudiant\u00b7e de d\u00e9velopper un travail et une recherche graphique sp\u00e9cifique qui aboutit \u00e0 une r\u00e9alisation finalis\u00e9e encadr\u00e9e par un enseignant\u00b7e. Cette production permet le d\u00e9veloppement d\u2019un vocabulaire graphique singulier qui s\u2019inscrit pleinement dans la production graphique contemporaine.<br>Les projets r\u00e9alis\u00e9s sur support imprim\u00e9 ou num\u00e9rique sont aussi vari\u00e9s que des livres, des affiches, des magazines, des interfaces multim\u00e9dia, des jeux graphiques, des sites web, de la signal\u00e9tique\u2026<br>Le projet personnel s\u2019appuie sur un travail de recherche documentaire qui donne lieu \u00e0 une \u00e9dition imprim\u00e9e ou num\u00e9rique. C&rsquo;est une cr\u00e9ation \u00e9ditoriale et graphique \u00e0 part enti\u00e8re. Le travail de recherche documentaire et de r\u00e9daction s\u2019effectue \u00e0 partir de l\u2019analyse de r\u00e9f\u00e9rences graphiques et artistiques en lien avec le projet de l\u2019\u00e9tudiant\u00b7e. Il doit lui permettre de prendre appui sur d\u2019autres exp\u00e9riences et de situer sa production dans le champ du graphisme. Par sa conception \u00e9ditoriale et graphique, elle traduit le rapport singulier que chaque \u00e9tudiant\u00b7e entretient avec son sujet de recherche. \u2014 <strong>Jocelyn Cottencin, Yann S\u00e9randour<\/strong><\/p>\n","protected":false},"excerpt":{"rendered":"<p>Le projet personnel offre la possibilit\u00e9 \u00e0 l\u2019\u00e9tudiant\u00b7e de d\u00e9velopper un travail et une recherche graphique sp\u00e9cifique qui aboutit \u00e0 une r\u00e9alisation finalis\u00e9e encadr\u00e9e par un enseignant\u00b7e. Cette production permet le d\u00e9veloppement\u2026<\/p>\n","protected":false},"author":4,"featured_media":0,"parent":0,"menu_order":0,"comment_status":"closed","ping_status":"closed","template":"","meta":{"footnotes":""},"class_list":["post-177","page","type-page","status-publish","hentry"],"_links":{"self":[{"href":"https:\/\/sites-formations.univ-rennes2.fr\/licence-pro-design-graphique-multimedia\/wp-json\/wp\/v2\/pages\/177","targetHints":{"allow":["GET"]}}],"collection":[{"href":"https:\/\/sites-formations.univ-rennes2.fr\/licence-pro-design-graphique-multimedia\/wp-json\/wp\/v2\/pages"}],"about":[{"href":"https:\/\/sites-formations.univ-rennes2.fr\/licence-pro-design-graphique-multimedia\/wp-json\/wp\/v2\/types\/page"}],"author":[{"embeddable":true,"href":"https:\/\/sites-formations.univ-rennes2.fr\/licence-pro-design-graphique-multimedia\/wp-json\/wp\/v2\/users\/4"}],"replies":[{"embeddable":true,"href":"https:\/\/sites-formations.univ-rennes2.fr\/licence-pro-design-graphique-multimedia\/wp-json\/wp\/v2\/comments?post=177"}],"version-history":[{"count":12,"href":"https:\/\/sites-formations.univ-rennes2.fr\/licence-pro-design-graphique-multimedia\/wp-json\/wp\/v2\/pages\/177\/revisions"}],"predecessor-version":[{"id":758,"href":"https:\/\/sites-formations.univ-rennes2.fr\/licence-pro-design-graphique-multimedia\/wp-json\/wp\/v2\/pages\/177\/revisions\/758"}],"wp:attachment":[{"href":"https:\/\/sites-formations.univ-rennes2.fr\/licence-pro-design-graphique-multimedia\/wp-json\/wp\/v2\/media?parent=177"}],"curies":[{"name":"wp","href":"https:\/\/api.w.org\/{rel}","templated":true}]}}

Projet tutoré et recherche documentaire

<p>Le projet personnel offre la possibilité à l’étudiant·e de développer un travail et une recherche graphique spécifique qui aboutit à une réalisation finalisée encadrée par un enseignant·e. Cette production permet le développement d’un vocabulaire graphique singulier qui s’inscrit pleinement dans la production graphique contemporaine.<br>Les projets réalisés sur support imprimé ou numérique sont aussi variés que des livres, des affiches, des magazines, des interfaces multimédia, des jeux graphiques, des sites web, de la signalétique…<br>Le projet personnel s’appuie sur un travail de recherche documentaire qui donne lieu à une édition imprimée ou numérique. C&rsquo;est une création éditoriale et graphique à part entière. Le travail de recherche documentaire et de rédaction s’effectue à partir de l’analyse de références graphiques et artistiques en lien avec le projet de l’étudiant·e. Il doit lui permettre de prendre appui sur d’autres expériences et de situer sa production dans le champ du graphisme. Par sa conception éditoriale et graphique, elle traduit le rapport singulier que chaque étudiant·e entretient avec son sujet de recherche. — <strong>Jocelyn Cottencin, Yann Sérandour</strong></p>

<p>Le projet personnel offre la possibilité à l’étudiant·e de développer un travail et une recherche graphique spécifique qui aboutit à une réalisation finalisée encadrée par un enseignant·e. Cette production permet le développement…</p>
